Last updated on 2025-01-19 05:49:17 CET.
Flavor | Version | Tinstall | Tcheck | Ttotal | Status | Flags |
---|---|---|---|---|---|---|
r-devel-linux-x86_64-debian-clang | 1.1.20 | 42.01 | 34.06 | 76.07 | OK | |
r-devel-linux-x86_64-debian-gcc | 1.1.20 | 33.63 | 27.57 | 61.20 | OK | |
r-devel-linux-x86_64-fedora-clang | 1.1.20 | 134.03 | OK | |||
r-devel-linux-x86_64-fedora-gcc | 1.1.20 | 156.69 | OK | |||
r-devel-windows-x86_64 | 1.1.20 | 45.00 | 71.00 | 116.00 | OK | |
r-patched-linux-x86_64 | 1.1.20 | 46.91 | 35.96 | 82.87 | OK | |
r-release-linux-x86_64 | 1.1.20 | 44.37 | 35.51 | 79.88 | OK | |
r-release-macos-arm64 | 1.1.20 | 39.00 | NOTE | |||
r-release-macos-x86_64 | 1.1.20 | 68.00 | NOTE | |||
r-release-windows-x86_64 | 1.1.20 | 47.00 | 71.00 | 118.00 | OK | |
r-oldrel-macos-arm64 | 1.1.20 | 39.00 | NOTE | |||
r-oldrel-macos-x86_64 | 1.1.20 | 66.00 | NOTE | |||
r-oldrel-windows-x86_64 | 1.1.20 | 53.00 | 81.00 | 134.00 | OK |
Version: 1.1.20
Check: installed package size
Result: NOTE
installed size is 15.3Mb
sub-directories of 1Mb or more:
extra 1.4Mb
libs 13.1Mb
Flavors: r-release-macos-arm64, r-release-macos-x86_64, r-oldrel-macos-arm64, r-oldrel-macos-x86_64