CRAN Package Check Results for Package Qtools

Last updated on 2020-06-03 12:49:17 CEST.

Flavor Version Tinstall Tcheck Ttotal Status Flags
r-devel-linux-x86_64-debian-clang 1.5.1 39.82 134.00 173.82 OK
r-devel-linux-x86_64-debian-gcc 1.5.1 30.23 102.75 132.98 OK
r-devel-linux-x86_64-fedora-clang 1.5.1 219.97 OK
r-devel-linux-x86_64-fedora-gcc 1.5.1 210.80 OK
r-devel-windows-ix86+x86_64 1.5.1 106.00 192.00 298.00 OK
r-patched-linux-x86_64 1.5.1 35.61 134.94 170.55 OK
r-patched-solaris-x86 1.5.1 251.40 WARN
r-release-linux-x86_64 1.5.1 33.75 137.04 170.79 OK
r-release-osx-x86_64 1.5.1 OK
r-release-windows-ix86+x86_64 1.5.1 81.00 213.00 294.00 OK
r-oldrel-osx-x86_64 1.5.1 WARN
r-oldrel-windows-ix86+x86_64 1.5.1 74.00 188.00 262.00 OK

Check Details

Version: 1.5.1
Check: re-building of vignette outputs
Result: WARN
    Error(s) in re-building vignettes:
     ...
    --- re-building ‘Qtools.Rmd’ using rmarkdown
    Warning in engine$weave(file, quiet = quiet, encoding = enc) :
     Pandoc (>= 1.12.3) and/or pandoc-citeproc not available. Falling back to R Markdown v1.
    Quitting from lines 124-146 (Qtools.Rmd)
    Error: processing vignette 'Qtools.Rmd' failed with diagnostics:
    argument is of length zero
    --- failed re-building ‘Qtools.Rmd’
    
    SUMMARY: processing the following file failed:
     ‘Qtools.Rmd’
    
    Error: Vignette re-building failed.
    Execution halted
Flavors: r-patched-solaris-x86, r-oldrel-osx-x86_64