CRAN Package Check Results for Package Qtools

Last updated on 2019-10-22 12:48:14 CEST.

Flavor Version Tinstall Tcheck Ttotal Status Flags
r-devel-linux-x86_64-debian-clang 1.4.1 36.79 125.32 162.11 OK
r-devel-linux-x86_64-debian-gcc 1.4.1 28.22 97.44 125.66 OK
r-devel-linux-x86_64-fedora-clang 1.4.1 199.19 OK
r-devel-linux-x86_64-fedora-gcc 1.4.1 195.47 OK
r-devel-windows-ix86+x86_64 1.4.1 62.00 177.00 239.00 OK
r-patched-linux-x86_64 1.4.1 31.91 120.94 152.85 OK
r-patched-solaris-x86 1.4.1 236.80 WARN
r-release-linux-x86_64 1.4.1 28.12 121.64 149.76 OK
r-release-windows-ix86+x86_64 1.4.1 107.00 190.00 297.00 OK
r-release-osx-x86_64 1.4.1 WARN
r-oldrel-windows-ix86+x86_64 1.4.1 77.00 253.00 330.00 OK
r-oldrel-osx-x86_64 1.4.1 WARN

Check Details

Version: 1.4.1
Check: re-building of vignette outputs
Result: WARN
    Error(s) in re-building vignettes:
     ...
    --- re-building ‘Qtools.Rmd’ using rmarkdown
    Warning in engine$weave(file, quiet = quiet, encoding = enc) :
     Pandoc (>= 1.12.3) and/or pandoc-citeproc not available. Falling back to R Markdown v1.
    Quitting from lines 124-146 (Qtools.Rmd)
    Error: processing vignette 'Qtools.Rmd' failed with diagnostics:
    argument is of length zero
    --- failed re-building ‘Qtools.Rmd’
    
    SUMMARY: processing the following file failed:
     ‘Qtools.Rmd’
    
    Error: Vignette re-building failed.
    Execution halted
Flavors: r-patched-solaris-x86, r-release-osx-x86_64

Version: 1.4.1
Check: re-building of vignette outputs
Result: WARN
    Error in re-building vignettes:
     ...
    Warning in engine$weave(file, quiet = quiet, encoding = enc) :
     Pandoc (>= 1.12.3) and/or pandoc-citeproc not available. Falling back to R Markdown v1.
    Quitting from lines 124-146 (Qtools.Rmd)
    Error: processing vignette 'Qtools.Rmd' failed with diagnostics:
    argument is of length zero
    Execution halted
Flavor: r-oldrel-osx-x86_64