CRAN Package Check Results for Package R.utils

Last updated on 2025-01-19 05:49:17 CET.

Flavor Version Tinstall Tcheck Ttotal Status Flags
r-devel-linux-x86_64-debian-clang 2.12.3 14.10 157.56 171.66 NOTE
r-devel-linux-x86_64-debian-gcc 2.12.3 11.42 107.21 118.63 NOTE
r-devel-linux-x86_64-fedora-clang 2.12.3 274.24 OK
r-devel-linux-x86_64-fedora-gcc 2.12.3 274.90 OK
r-devel-windows-x86_64 2.12.3 19.00 380.00 399.00 NOTE
r-patched-linux-x86_64 2.12.3 23.39 183.38 206.77 OK
r-release-linux-x86_64 2.12.3 11.19 144.94 156.13 OK
r-release-macos-arm64 2.12.3 99.00 OK
r-release-macos-x86_64 2.12.3 160.00 OK
r-release-windows-x86_64 2.12.3 17.00 436.00 453.00 OK
r-oldrel-macos-arm64 2.12.3 105.00 OK
r-oldrel-macos-x86_64 2.12.3 295.00 OK
r-oldrel-windows-x86_64 2.12.3 21.00 517.00 538.00 OK

Check Details

Version: 2.12.3
Check: Rd cross-references
Result: NOTE Found the following Rd file(s) with Rd \link{} targets missing package anchors: TimeoutException.Rd: Exception Please provide package anchors for all Rd \link{} targets not in the package itself and the base packages. Flavors: r-devel-linux-x86_64-debian-clang, r-devel-linux-x86_64-debian-gcc, r-devel-windows-x86_64