CRAN Package Check Results for Package R2DT

Last updated on 2025-01-19 05:49:17 CET.

Flavor Version Tinstall Tcheck Ttotal Status Flags
r-devel-linux-x86_64-debian-clang 0.2 3.51 32.74 36.25 OK
r-devel-linux-x86_64-debian-gcc 0.2 2.78 24.24 27.02 OK
r-devel-linux-x86_64-fedora-clang 0.2 58.37 OK
r-devel-linux-x86_64-fedora-gcc 0.2 57.77 OK
r-devel-windows-x86_64 0.2 6.00 67.00 73.00 OK
r-patched-linux-x86_64 0.2 4.01 30.42 34.43 NOTE
r-release-linux-x86_64 0.2 3.59 30.41 34.00 NOTE
r-release-macos-arm64 0.2 18.00 NOTE
r-release-macos-x86_64 0.2 28.00 NOTE
r-release-windows-x86_64 0.2 6.00 55.00 61.00 NOTE
r-oldrel-macos-arm64 0.2 20.00 NOTE
r-oldrel-macos-x86_64 0.2 31.00 NOTE
r-oldrel-windows-x86_64 0.2 6.00 56.00 62.00 NOTE

Additional issues

donttest

Check Details

Version: 0.2
Check: LazyData
Result: NOTE 'LazyData' is specified without a 'data' directory Flavors: r-patched-linux-x86_64, r-release-linux-x86_64, r-release-macos-arm64, r-release-macos-x86_64, r-release-windows-x86_64, r-oldrel-macos-arm64, r-oldrel-macos-x86_64, r-oldrel-windows-x86_64