Last updated on 2024-04-17 13:57:39 CEST.
Flavor | Version | Tinstall | Tcheck | Ttotal | Status | Flags |
---|---|---|---|---|---|---|
r-devel-linux-x86_64-debian-clang | 0.7-1.1 | 4.34 | 37.95 | 42.29 | NOTE | |
r-devel-linux-x86_64-debian-gcc | 0.7-1.1 | 3.24 | 28.44 | 31.68 | NOTE | |
r-devel-linux-x86_64-fedora-clang | 0.7-1.1 | 52.62 | NOTE | |||
r-devel-linux-x86_64-fedora-gcc | 0.7-1.1 | 48.62 | NOTE | |||
r-prerel-macos-arm64 | 0.7-1.1 | 21.00 | NOTE | |||
r-prerel-macos-x86_64 | 0.7-1.1 | 48.00 | OK | |||
r-prerel-windows-x86_64 | 0.7-1.1 | 5.00 | 51.00 | 56.00 | NOTE | |
r-patched-linux-x86_64 | 0.7-1.1 | 6.16 | 36.51 | 42.67 | NOTE | |
r-release-linux-x86_64 | 0.7-1.1 | 4.31 | 36.47 | 40.78 | OK | |
r-release-macos-arm64 | 0.7-1.1 | 28.00 | OK | |||
r-release-macos-x86_64 | 0.7-1.1 | 50.00 | OK | |||
r-release-windows-x86_64 | 0.7-1.1 | 5.00 | 54.00 | 59.00 | OK | |
r-oldrel-macos-arm64 | 0.7-1.1 | 28.00 | OK | |||
r-oldrel-windows-x86_64 | 0.7-1.1 | 6.00 | 59.00 | 65.00 | OK |
Version: 0.7-1.1
Check: Rd files
Result: NOTE
checkRd: (-1) jags.Rd:128: Lost braces in \itemize; meant \describe ?
Flavors: r-devel-linux-x86_64-debian-clang, r-devel-linux-x86_64-debian-gcc, r-devel-linux-x86_64-fedora-clang, r-devel-linux-x86_64-fedora-gcc, r-prerel-macos-arm64, r-prerel-windows-x86_64, r-patched-linux-x86_64