Last updated on 2025-01-19 05:49:18 CET.
Flavor | Version | Tinstall | Tcheck | Ttotal | Status | Flags |
---|---|---|---|---|---|---|
r-devel-linux-x86_64-debian-clang | 1.3.1 | 12.76 | 104.31 | 117.07 | OK | |
r-devel-linux-x86_64-debian-gcc | 1.3.1 | 9.04 | 71.49 | 80.53 | OK | |
r-devel-linux-x86_64-fedora-clang | 1.3.1 | 201.96 | OK | |||
r-devel-linux-x86_64-fedora-gcc | 1.3.1 | 207.50 | OK | |||
r-devel-windows-x86_64 | 1.3.1 | 18.00 | 165.00 | 183.00 | OK | |
r-patched-linux-x86_64 | 1.3.1 | 13.53 | 152.34 | 165.87 | OK | |
r-release-linux-x86_64 | 1.3.1 | 14.00 | 152.24 | 166.24 | OK | |
r-release-macos-arm64 | 1.3.1 | 86.00 | OK | |||
r-release-macos-x86_64 | 1.3.1 | 137.00 | OK | |||
r-release-windows-x86_64 | 1.3.1 | 17.00 | 164.00 | 181.00 | OK | |
r-oldrel-macos-arm64 | 1.3.1 | 70.00 | NOTE | |||
r-oldrel-macos-x86_64 | 1.3.1 | 103.00 | NOTE | |||
r-oldrel-windows-x86_64 | 1.3.1 | 18.00 | 198.00 | 216.00 | OK |
Version: 1.3.1
Check: package dependencies
Result: NOTE
Packages suggested but not available for checking: 'xcms', 'MSnbase'
Flavors: r-oldrel-macos-arm64, r-oldrel-macos-x86_64