Last updated on 2024-04-17 13:57:39 CEST.
Flavor | Version | Tinstall | Tcheck | Ttotal | Status | Flags |
---|---|---|---|---|---|---|
r-devel-linux-x86_64-debian-clang | 0.0.9 | 3.86 | 21.66 | 25.52 | OK | |
r-devel-linux-x86_64-debian-gcc | 0.0.9 | 3.50 | 16.90 | 20.40 | OK | |
r-devel-linux-x86_64-fedora-clang | 0.0.9 | 32.56 | OK | |||
r-devel-linux-x86_64-fedora-gcc | 0.0.9 | 31.72 | OK | |||
r-prerel-macos-arm64 | 0.0.9 | 16.00 | OK | |||
r-prerel-macos-x86_64 | 0.0.9 | 28.00 | OK | |||
r-prerel-windows-x86_64 | 0.0.8 | 8.00 | 39.00 | 47.00 | NOTE | |
r-patched-linux-x86_64 | 0.0.9 | 4.03 | 21.14 | 25.17 | OK | |
r-release-linux-x86_64 | 0.0.9 | 4.66 | 21.26 | 25.92 | OK | |
r-release-macos-arm64 | 0.0.9 | 20.00 | OK | |||
r-release-macos-x86_64 | 0.0.9 | 31.00 | OK | |||
r-release-windows-x86_64 | 0.0.8 | 8.00 | 40.00 | 48.00 | OK | |
r-oldrel-macos-arm64 | 0.0.9 | 20.00 | OK | |||
r-oldrel-windows-x86_64 | 0.0.8 | 33.00 | 45.00 | 78.00 | OK |
Version: 0.0.8
Check: Rd contents
Result: NOTE
Auto-generated content requiring editing in Rd file 'RApiDatetime-package.Rd':
\references: 'This optional section can contain literature or other refere...'
\seealso: 'Optional links to other man pages'
\examples: '# Optional simple examples of the most important functions'
Flavor: r-prerel-windows-x86_64