CRAN Package Check Results for Package RBitmoji

Last updated on 2020-10-28 11:49:56 CET.

Flavor Version Tinstall Tcheck Ttotal Status Flags
r-devel-linux-x86_64-debian-clang 0.0.2 2.41 24.66 27.07 NOTE
r-devel-linux-x86_64-debian-gcc 0.0.2 1.79 20.17 21.96 NOTE
r-devel-linux-x86_64-fedora-clang 0.0.2 43.09 NOTE
r-devel-linux-x86_64-fedora-gcc 0.0.2 34.74 NOTE
r-devel-windows-ix86+x86_64 0.0.2 5.00 43.00 48.00 NOTE
r-patched-linux-x86_64 0.0.2 NOTE
r-patched-solaris-x86 0.0.2 51.50 NOTE
r-release-linux-x86_64 0.0.2 2.21 24.90 27.11 NOTE
r-release-macos-x86_64 0.0.2 NOTE
r-release-windows-ix86+x86_64 0.0.2 5.00 32.00 37.00 NOTE
r-oldrel-macos-x86_64 0.0.2 NOTE
r-oldrel-windows-ix86+x86_64 0.0.2 4.00 40.00 44.00 OK

Check Details

Version: 0.0.2
Check: package vignettes
Result: NOTE
    Package vignette with placeholder title 'Vignette Title':
     'RBitmoji.Rmd'
Flavors: r-devel-linux-x86_64-debian-clang, r-devel-linux-x86_64-debian-gcc, r-devel-windows-ix86+x86_64, r-patched-linux-x86_64, r-release-linux-x86_64, r-release-windows-ix86+x86_64

Version: 0.0.2
Check: dependencies in R code
Result: NOTE
    Namespace in Imports field not imported from: ‘jsonlite’
     All declared Imports should be used.
Flavors: r-devel-linux-x86_64-fedora-clang, r-devel-linux-x86_64-fedora-gcc, r-patched-solaris-x86, r-release-macos-x86_64, r-oldrel-macos-x86_64