CRAN Package Check Results for Package RCMinification

Last updated on 2025-01-19 05:49:18 CET.

Flavor Version Tinstall Tcheck Ttotal Status Flags
r-devel-linux-x86_64-debian-clang 1.2 2.06 20.65 22.71 NOTE
r-devel-linux-x86_64-debian-gcc 1.2 1.68 16.72 18.40 NOTE
r-devel-linux-x86_64-fedora-clang 1.2 36.85 NOTE
r-devel-linux-x86_64-fedora-gcc 1.2 36.88 NOTE
r-devel-windows-x86_64 1.2 3.00 47.00 50.00 NOTE
r-patched-linux-x86_64 1.2 2.34 19.57 21.91 NOTE
r-release-linux-x86_64 1.2 1.93 19.56 21.49 NOTE
r-release-macos-arm64 1.2 14.00 NOTE
r-release-macos-x86_64 1.2 20.00 NOTE
r-release-windows-x86_64 1.2 4.00 45.00 49.00 NOTE
r-oldrel-macos-arm64 1.2 16.00 OK
r-oldrel-macos-x86_64 1.2 21.00 OK
r-oldrel-windows-x86_64 1.2 3.00 49.00 52.00 OK

Check Details

Version: 1.2
Check: Rd files
Result: NOTE checkRd: (-1) nonlinearAR1.sim.Rd:8: Lost braces; missing escapes or markup? 8 | of the form z_n = g(z_{n-1}) + epsilon. A normal distribution is assumed for the innovations. | ^ Flavors: r-devel-linux-x86_64-debian-clang, r-devel-linux-x86_64-debian-gcc, r-devel-linux-x86_64-fedora-clang, r-devel-linux-x86_64-fedora-gcc, r-devel-windows-x86_64, r-patched-linux-x86_64, r-release-linux-x86_64, r-release-macos-arm64, r-release-macos-x86_64, r-release-windows-x86_64