CRAN Package Check Results for Package RCPA

Last updated on 2025-01-19 05:49:18 CET.

Flavor Version Tinstall Tcheck Ttotal Status Flags
r-devel-linux-x86_64-debian-clang 0.2.5 46.95 354.83 401.78 OK
r-devel-linux-x86_64-debian-gcc 0.2.5 32.95 247.68 280.63 OK
r-devel-linux-x86_64-fedora-clang 0.2.5 650.64 OK
r-devel-linux-x86_64-fedora-gcc 0.2.5 446.13 OK
r-devel-windows-x86_64 0.2.5 45.00 295.00 340.00 OK
r-patched-linux-x86_64 0.2.5 42.22 324.14 366.36 OK
r-release-linux-x86_64 0.2.5 42.25 321.31 363.56 OK
r-release-macos-arm64 0.2.5 174.00 NOTE
r-release-macos-x86_64 0.2.5 227.00 NOTE
r-release-windows-x86_64 0.2.5 43.00 296.00 339.00 NOTE
r-oldrel-macos-arm64 0.2.5 159.00 NOTE
r-oldrel-macos-x86_64 0.2.5 266.00 NOTE
r-oldrel-windows-x86_64 0.2.5 55.00 408.00 463.00 NOTE

Check Details

Version: 0.2.5
Check: package dependencies
Result: NOTE Packages suggested but not available for checking: 'hgu133plus2.db', 'pd.hg.u133.plus.2' Flavor: r-release-macos-arm64

Version: 0.2.5
Check: package dependencies
Result: NOTE Package suggested but not available for checking: ‘pd.hg.u133.plus.2’ Flavors: r-release-macos-x86_64, r-release-windows-x86_64, r-oldrel-windows-x86_64

Version: 0.2.5
Check: package dependencies
Result: NOTE Packages suggested but not available for checking: 'ROntoTools', 'hgu133plus2.db', 'pd.hg.u133.plus.2', 'oligo' Flavors: r-oldrel-macos-arm64, r-oldrel-macos-x86_64