CRAN Package Check Results for Package RCSF

Last updated on 2019-10-20 12:46:24 CEST.

Flavor Version Tinstall Tcheck Ttotal Status Flags
r-devel-linux-x86_64-debian-clang 1.0.1 40.30 30.41 70.71 OK
r-devel-linux-x86_64-debian-gcc 1.0.1 25.12 25.17 50.29 OK
r-devel-linux-x86_64-fedora-clang 1.0.1 103.35 OK
r-devel-linux-x86_64-fedora-gcc 1.0.1 89.65 OK
r-devel-windows-ix86+x86_64 1.0.1 70.00 69.00 139.00 OK
r-patched-linux-x86_64 1.0.1 28.28 30.15 58.43 OK
r-patched-solaris-x86 1.0.1 115.30 ERROR
r-release-linux-x86_64 1.0.1 29.20 30.64 59.84 OK
r-release-windows-ix86+x86_64 1.0.1 96.00 77.00 173.00 OK
r-release-osx-x86_64 1.0.1 OK
r-oldrel-windows-ix86+x86_64 1.0.1 60.00 61.00 121.00 OK
r-oldrel-osx-x86_64 1.0.1 OK

Check Details

Version: 1.0.1
Check: tests
Result: ERROR
     Running ‘testthat.R’ [16s/22s]
    Running the tests in ‘tests/testthat.R’ failed.
    Complete output:
     > library(testthat)
     > library(RCSF)
     >
     > test_check("RCSF")
     ── 1. Failure: csf algorithm works (@test-CSF.R#8) ────────────────────────────
     length(id_ground) not equal to `expected`.
     1/1 mismatches
     [1] 15456 - 15453 == 3
    
     ══ testthat results ═══════════════════════════════════════════════════════════
     [ OK: 0 | SKIPPED: 0 | WARNINGS: 0 | FAILED: 1 ]
     1. Failure: csf algorithm works (@test-CSF.R#8)
    
     Error: testthat unit tests failed
     Execution halted
Flavor: r-patched-solaris-x86