CRAN Package Check Results for Package RCSF

Last updated on 2020-06-02 12:48:53 CEST.

Flavor Version Tinstall Tcheck Ttotal Status Flags
r-devel-linux-x86_64-debian-clang 1.0.2 41.48 33.75 75.23 OK
r-devel-linux-x86_64-debian-gcc 1.0.2 29.42 27.24 56.66 OK
r-devel-linux-x86_64-fedora-clang 1.0.2 119.48 OK
r-devel-linux-x86_64-fedora-gcc 1.0.2 90.42 OK
r-devel-windows-ix86+x86_64 1.0.2 105.00 85.00 190.00 OK
r-patched-linux-x86_64 1.0.2 31.19 34.10 65.29 OK
r-patched-solaris-x86 1.0.2 120.00 ERROR
r-release-linux-x86_64 1.0.2 30.69 33.87 64.56 OK
r-release-osx-x86_64 1.0.2 OK
r-release-windows-ix86+x86_64 1.0.2 90.00 84.00 174.00 OK
r-oldrel-osx-x86_64 1.0.2 OK
r-oldrel-windows-ix86+x86_64 1.0.2 105.00 79.00 184.00 OK

Check Details

Version: 1.0.2
Check: tests
Result: ERROR
     Running ‘testthat.R’ [16s/20s]
    Running the tests in ‘tests/testthat.R’ failed.
    Complete output:
     > library(testthat)
     > library(RCSF)
     >
     > test_check("RCSF")
     ── 1. Failure: csf algorithm works (@test-CSF.R#7) ────────────────────────────
     length(id_ground) %in% c(15459L, 15453L) isn't true.
    
     ══ testthat results ═══════════════════════════════════════════════════════════
     [ OK: 0 | SKIPPED: 0 | WARNINGS: 0 | FAILED: 1 ]
     1. Failure: csf algorithm works (@test-CSF.R#7)
    
     Error: testthat unit tests failed
     Execution halted
Flavor: r-patched-solaris-x86