Last updated on 2025-01-19 05:49:18 CET.
Flavor | Version | Tinstall | Tcheck | Ttotal | Status | Flags |
---|---|---|---|---|---|---|
r-devel-linux-x86_64-debian-clang | 0.4 | 3.41 | 37.80 | 41.21 | NOTE | |
r-devel-linux-x86_64-debian-gcc | 0.4 | 2.23 | 29.47 | 31.70 | NOTE | |
r-devel-linux-x86_64-fedora-clang | 0.4 | 66.14 | NOTE | |||
r-devel-linux-x86_64-fedora-gcc | 0.4 | 67.86 | NOTE | |||
r-devel-windows-x86_64 | 0.4 | 7.00 | 67.00 | 74.00 | OK | |
r-patched-linux-x86_64 | 0.4 | 3.70 | 36.79 | 40.49 | NOTE | |
r-release-linux-x86_64 | 0.4 | 3.01 | 37.58 | 40.59 | NOTE | |
r-release-macos-arm64 | 0.4 | 27.00 | OK | |||
r-release-macos-x86_64 | 0.4 | 46.00 | OK | |||
r-release-windows-x86_64 | 0.4 | 7.00 | 70.00 | 77.00 | OK | |
r-oldrel-macos-arm64 | 0.4 | 25.00 | OK | |||
r-oldrel-macos-x86_64 | 0.4 | 43.00 | OK | |||
r-oldrel-windows-x86_64 | 0.4 | 5.00 | 75.00 | 80.00 | OK |
Version: 0.4
Check: for non-standard things in the check directory
Result: NOTE
Found the following files/directories:
‘data.csv’
Flavors: r-devel-linux-x86_64-debian-clang, r-devel-linux-x86_64-debian-gcc, r-devel-linux-x86_64-fedora-clang, r-devel-linux-x86_64-fedora-gcc, r-patched-linux-x86_64, r-release-linux-x86_64