Last updated on 2025-01-19 05:49:18 CET.
Flavor | Version | Tinstall | Tcheck | Ttotal | Status | Flags |
---|---|---|---|---|---|---|
r-devel-linux-x86_64-debian-clang | 0.6.9 | 78.62 | 54.80 | 133.42 | NOTE | |
r-devel-linux-x86_64-debian-gcc | 0.6.9 | 69.03 | 39.20 | 108.23 | NOTE | |
r-devel-linux-x86_64-fedora-clang | 0.6.9 | 297.93 | OK | |||
r-devel-linux-x86_64-fedora-gcc | 0.6.9 | 274.36 | OK | |||
r-devel-windows-x86_64 | 0.6.9 | 121.00 | 91.00 | 212.00 | NOTE | |
r-patched-linux-x86_64 | 0.6.9 | 92.37 | 50.43 | 142.80 | OK | |
r-release-linux-x86_64 | 0.6.9 | 88.86 | 50.76 | 139.62 | OK | |
r-release-macos-arm64 | 0.6.9 | 70.00 | NOTE | |||
r-release-macos-x86_64 | 0.6.9 | 73.00 | NOTE | |||
r-release-windows-x86_64 | 0.6.9 | 112.00 | 94.00 | 206.00 | OK | |
r-oldrel-macos-arm64 | 0.6.9 | 75.00 | NOTE | |||
r-oldrel-macos-x86_64 | 0.6.9 | 101.00 | NOTE | |||
r-oldrel-windows-x86_64 | 0.6.9 | 131.00 | 112.00 | 243.00 | OK |
Version: 0.6.9
Check: Rd cross-references
Result: NOTE
Found the following Rd file(s) with Rd \link{} targets missing package
anchors:
ClickhouseResult-class.Rd: DBIResult-class
Please provide package anchors for all Rd \link{} targets not in the
package itself and the base packages.
Flavors: r-devel-linux-x86_64-debian-clang, r-devel-linux-x86_64-debian-gcc, r-devel-windows-x86_64
Version: 0.6.9
Check: installed package size
Result: NOTE
installed size is 13.4Mb
sub-directories of 1Mb or more:
libs 13.1Mb
Flavors: r-release-macos-arm64, r-release-macos-x86_64, r-oldrel-macos-arm64, r-oldrel-macos-x86_64