CRAN Package Check Results for Package RConics

Last updated on 2025-01-19 05:49:18 CET.

Flavor Version Tinstall Tcheck Ttotal Status Flags
r-devel-linux-x86_64-debian-clang 1.1.1 2.40 21.91 24.31 OK
r-devel-linux-x86_64-debian-gcc 1.1.1 1.47 17.18 18.65 OK
r-devel-linux-x86_64-fedora-clang 1.1.1 41.95 OK
r-devel-linux-x86_64-fedora-gcc 1.1.1 41.19 OK
r-devel-windows-x86_64 1.1.1 3.00 46.00 49.00 OK
r-patched-linux-x86_64 1.1.1 2.61 21.05 23.66 NOTE
r-release-linux-x86_64 1.1.1 2.39 21.17 23.56 NOTE
r-release-macos-arm64 1.1.1 16.00 NOTE
r-release-macos-x86_64 1.1.1 22.00 NOTE
r-release-windows-x86_64 1.1.1 3.00 44.00 47.00 NOTE
r-oldrel-macos-arm64 1.1.1 17.00 NOTE
r-oldrel-macos-x86_64 1.1.1 22.00 NOTE
r-oldrel-windows-x86_64 1.1.1 5.00 46.00 51.00 NOTE

Check Details

Version: 1.1.1
Check: package dependencies
Result: NOTE Package suggested but not available for checking: ‘conics’ Flavors: r-patched-linux-x86_64, r-release-linux-x86_64, r-release-macos-arm64, r-release-macos-x86_64, r-release-windows-x86_64, r-oldrel-macos-arm64, r-oldrel-macos-x86_64, r-oldrel-windows-x86_64