CRAN Package Check Results for Package RDieHarder

Last updated on 2025-01-19 05:49:18 CET.

Flavor Version Tinstall Tcheck Ttotal Status Flags
r-devel-linux-x86_64-debian-clang 0.2.6 34.71 29.14 63.85 NOTE
r-devel-linux-x86_64-debian-gcc 0.2.6 28.88 23.36 52.24 NOTE
r-devel-linux-x86_64-fedora-clang 0.2.6 103.83 NOTE
r-devel-linux-x86_64-fedora-gcc 0.2.6 133.79 NOTE
r-devel-windows-x86_64 0.2.6 83.00 79.00 162.00 OK
r-patched-linux-x86_64 0.2.6 36.16 26.93 63.09 OK
r-release-linux-x86_64 0.2.6 35.66 27.01 62.67 OK
r-release-macos-arm64 0.2.6 42.00 OK
r-release-macos-x86_64 0.2.6 48.00 OK
r-release-windows-x86_64 0.2.6 79.00 77.00 156.00 OK
r-oldrel-macos-arm64 0.2.6 47.00 OK
r-oldrel-macos-x86_64 0.2.6 90.00 OK
r-oldrel-windows-x86_64 0.2.6 81.00 72.00 153.00 OK

Check Details

Version: 0.2.6
Check: top-level files
Result: NOTE possible bashism in configure.ac line 17 (should be 'b = a'): if test "${ENDIAN}" == "little"; then Flavors: r-devel-linux-x86_64-debian-clang, r-devel-linux-x86_64-debian-gcc, r-devel-linux-x86_64-fedora-clang, r-devel-linux-x86_64-fedora-gcc