CRAN Package Check Results for Package RDota2

Last updated on 2025-01-19 05:49:18 CET.

Flavor Version Tinstall Tcheck Ttotal Status Flags
r-devel-linux-x86_64-debian-clang 0.1.6 2.09 27.14 29.23 OK
r-devel-linux-x86_64-debian-gcc 0.1.6 1.58 22.37 23.95 OK
r-devel-linux-x86_64-fedora-clang 0.1.6 48.42 OK
r-devel-linux-x86_64-fedora-gcc 0.1.6 63.00 OK
r-devel-windows-x86_64 0.1.6 3.00 58.00 61.00 OK
r-patched-linux-x86_64 0.1.6 2.65 26.15 28.80 NOTE
r-release-linux-x86_64 0.1.6 1.85 26.10 27.95 NOTE
r-release-macos-arm64 0.1.6 26.00 NOTE
r-release-macos-x86_64 0.1.6 35.00 NOTE
r-release-windows-x86_64 0.1.6 4.00 58.00 62.00 NOTE
r-oldrel-macos-arm64 0.1.6 27.00 NOTE
r-oldrel-macos-x86_64 0.1.6 33.00 NOTE
r-oldrel-windows-x86_64 0.1.6 4.00 59.00 63.00 NOTE

Check Details

Version: 0.1.6
Check: LazyData
Result: NOTE 'LazyData' is specified without a 'data' directory Flavors: r-patched-linux-x86_64, r-release-linux-x86_64, r-release-macos-arm64, r-release-macos-x86_64, r-release-windows-x86_64, r-oldrel-macos-arm64, r-oldrel-macos-x86_64, r-oldrel-windows-x86_64