CRAN Package Check Results for Package REEMtree

Last updated on 2025-01-19 05:49:18 CET.

Flavor Version Tinstall Tcheck Ttotal Status Flags
r-devel-linux-x86_64-debian-clang 0.90.5 2.39 29.44 31.83 NOTE
r-devel-linux-x86_64-debian-gcc 0.90.5 1.56 23.34 24.90 NOTE
r-devel-linux-x86_64-fedora-clang 0.90.5 50.05 OK
r-devel-linux-x86_64-fedora-gcc 0.90.5 50.85 OK
r-devel-windows-x86_64 0.90.5 3.00 52.00 55.00 NOTE
r-patched-linux-x86_64 0.90.5 2.22 28.13 30.35 OK
r-release-linux-x86_64 0.90.5 2.25 28.04 30.29 OK
r-release-macos-arm64 0.90.5 20.00 OK
r-release-macos-x86_64 0.90.5 29.00 OK
r-release-windows-x86_64 0.90.5 4.00 52.00 56.00 OK
r-oldrel-macos-arm64 0.90.5 22.00 OK
r-oldrel-macos-x86_64 0.90.5 41.00 OK
r-oldrel-windows-x86_64 0.90.5 4.00 58.00 62.00 OK

Check Details

Version: 0.90.5
Check: Rd cross-references
Result: NOTE Found the following Rd file(s) with Rd \link{} targets missing package anchors: AutoCorrelationLRtest.Rd: corClasses REEMtree.Rd: corClasses, rpart, nlme REEMtree.object.Rd: rpart, nlme plot.Rd: plot.rpart predict.Rd: predict.nlme, predict.rpart print.Rd: print.rpart tree.Rd: rpart.object Please provide package anchors for all Rd \link{} targets not in the package itself and the base packages. Flavors: r-devel-linux-x86_64-debian-clang, r-devel-linux-x86_64-debian-gcc, r-devel-windows-x86_64