CRAN Package Check Results for Package REPLesentR

Last updated on 2025-01-19 05:49:18 CET.

Flavor Version Tinstall Tcheck Ttotal Status Flags
r-devel-linux-x86_64-debian-clang 0.4.1 3.66 31.20 34.86 OK
r-devel-linux-x86_64-debian-gcc 0.4.1 2.44 23.22 25.66 OK
r-devel-linux-x86_64-fedora-clang 0.4.1 58.21 OK
r-devel-linux-x86_64-fedora-gcc 0.4.1 55.87 OK
r-devel-windows-x86_64 0.4.1 5.00 49.00 54.00 OK
r-patched-linux-x86_64 0.4.1 3.23 29.01 32.24 NOTE
r-release-linux-x86_64 0.4.1 3.08 29.42 32.50 NOTE
r-release-macos-arm64 0.4.1 19.00 NOTE
r-release-macos-x86_64 0.4.1 29.00 NOTE
r-release-windows-x86_64 0.4.1 5.00 48.00 53.00 NOTE
r-oldrel-macos-arm64 0.4.1 21.00 NOTE
r-oldrel-macos-x86_64 0.4.1 32.00 NOTE
r-oldrel-windows-x86_64 0.4.1 5.00 53.00 58.00 NOTE

Check Details

Version: 0.4.1
Check: LazyData
Result: NOTE 'LazyData' is specified without a 'data' directory Flavors: r-patched-linux-x86_64, r-release-linux-x86_64, r-release-macos-arm64, r-release-macos-x86_64, r-release-windows-x86_64, r-oldrel-macos-arm64, r-oldrel-macos-x86_64, r-oldrel-windows-x86_64