CRAN Package Check Results for Package REQS

Last updated on 2018-07-18 12:50:02 CEST.

Flavor Version Tinstall Tcheck Ttotal Status Flags
r-devel-linux-x86_64-debian-clang 0.8-12 1.20 19.90 21.10 NOTE
r-devel-linux-x86_64-debian-gcc 0.8-12 0.81 15.77 16.58 NOTE
r-devel-linux-x86_64-fedora-clang 0.8-12 24.00 NOTE
r-devel-linux-x86_64-fedora-gcc 0.8-12 22.85 NOTE
r-devel-windows-ix86+x86_64 0.8-12 4.00 32.00 36.00 NOTE
r-patched-linux-x86_64 0.8-12 1.34 18.62 19.96 NOTE
r-patched-solaris-x86 0.8-12 38.00 NOTE
r-release-linux-x86_64 0.8-12 1.27 18.44 19.71 NOTE
r-release-windows-ix86+x86_64 0.8-12 3.00 32.00 35.00 NOTE
r-release-osx-x86_64 0.8-12 NOTE
r-oldrel-windows-ix86+x86_64 0.8-12 4.00 38.00 42.00 NOTE
r-oldrel-osx-x86_64 0.8-12 NOTE

Check Details

Version: 0.8-12
Check: R code for possible problems
Result: NOTE
    call.eqs: no visible global function definition for ‘write.table’
    read.eqs: no visible global function definition for ‘read.fwf’
    Undefined global functions or variables:
     read.fwf write.table
    Consider adding
     importFrom("utils", "read.fwf", "write.table")
    to your NAMESPACE file.
Flavors: r-devel-linux-x86_64-debian-clang, r-devel-linux-x86_64-debian-gcc, r-devel-linux-x86_64-fedora-clang, r-devel-linux-x86_64-fedora-gcc, r-devel-windows-ix86+x86_64, r-patched-linux-x86_64, r-patched-solaris-x86, r-release-linux-x86_64, r-release-windows-ix86+x86_64, r-release-osx-x86_64, r-oldrel-windows-ix86+x86_64, r-oldrel-osx-x86_64

Version: 0.8-12
Check: Rd line widths
Result: NOTE
    Rd file 'call.eqs.rd':
     \examples lines wider than 100 characters:
     ##res <- call.eqs(EQSpgm = "C:/Program Files/EQS61/WINEQS.EXE", EQSmodel = "c:/eqs61/examples/manul7.eqs", serial = "1234")
    
    Rd file 'run.eqs.rd':
     \examples lines wider than 100 characters:
     ##res <- run.eqs(EQSpgm = "C:/Program Files/EQS61/WINEQS.EXE", EQSmodel = "c:/eqs61/examples/manul7.eqs", serial = "1234")
     ## res <- run.eqs(EQSpgm = "C:/Program Files/EQS61/WINEQS.EXE", EQSmodel = "c:/eqs61/examples/manul7.eqs", data = X, datname = "manul7 ... [TRUNCATED]
    
    These lines will be truncated in the PDF manual.
Flavors: r-devel-linux-x86_64-debian-clang, r-devel-linux-x86_64-debian-gcc, r-devel-linux-x86_64-fedora-clang, r-devel-linux-x86_64-fedora-gcc, r-patched-linux-x86_64, r-release-linux-x86_64