Last updated on 2025-01-19 05:49:18 CET.
Flavor | Version | Tinstall | Tcheck | Ttotal | Status | Flags |
---|---|---|---|---|---|---|
r-devel-linux-x86_64-debian-clang | 1.2.4 | 8.37 | 318.91 | 327.28 | NOTE | |
r-devel-linux-x86_64-debian-gcc | 1.2.4 | 4.96 | 219.53 | 224.49 | NOTE | |
r-devel-linux-x86_64-fedora-clang | 1.2.4 | 527.56 | OK | |||
r-devel-linux-x86_64-fedora-gcc | 1.2.4 | 540.99 | OK | |||
r-devel-windows-x86_64 | 1.2.4 | 10.00 | 350.00 | 360.00 | NOTE | |
r-patched-linux-x86_64 | 1.2.4 | 13.75 | 300.40 | 314.15 | OK | |
r-release-linux-x86_64 | 1.2.4 | 7.18 | 297.18 | 304.36 | OK | |
r-release-macos-arm64 | 1.2.4 | 155.00 | OK | |||
r-release-macos-x86_64 | 1.2.4 | 292.00 | OK | |||
r-release-windows-x86_64 | 1.2.4 | 11.00 | 347.00 | 358.00 | OK | |
r-oldrel-macos-arm64 | 1.2.4 | 130.00 | OK | |||
r-oldrel-macos-x86_64 | 1.2.4 | 246.00 | OK | |||
r-oldrel-windows-x86_64 | 1.2.4 | 12.00 | 444.00 | 456.00 | OK |
Version: 1.2.4
Check: Rd cross-references
Result: NOTE
Found the following Rd file(s) with Rd \link{} targets missing package
anchors:
resi.Rd: boot, vcovHC
Please provide package anchors for all Rd \link{} targets not in the
package itself and the base packages.
Flavors: r-devel-linux-x86_64-debian-clang, r-devel-linux-x86_64-debian-gcc, r-devel-windows-x86_64