Last updated on 2025-01-19 05:49:18 CET.
Flavor | Version | Tinstall | Tcheck | Ttotal | Status | Flags |
---|---|---|---|---|---|---|
r-devel-linux-x86_64-debian-clang | 1.3.3 | 44.39 | 297.42 | 341.81 | NOTE | |
r-devel-linux-x86_64-debian-gcc | 1.3.3 | 28.34 | 185.49 | 213.83 | NOTE | |
r-devel-linux-x86_64-fedora-clang | 1.3.3 | 563.05 | OK | |||
r-devel-linux-x86_64-fedora-gcc | 1.3.3 | 579.28 | OK | |||
r-devel-windows-x86_64 | 1.3.3 | 50.00 | 340.00 | 390.00 | NOTE | |
r-patched-linux-x86_64 | 1.3.3 | 51.42 | 285.22 | 336.64 | OK | |
r-release-linux-x86_64 | 1.3.3 | 42.96 | 283.58 | 326.54 | OK | |
r-release-macos-arm64 | 1.3.3 | 136.00 | OK | |||
r-release-macos-x86_64 | 1.3.3 | 227.00 | OK | |||
r-release-windows-x86_64 | 1.3.3 | 49.00 | 337.00 | 386.00 | OK | |
r-oldrel-macos-arm64 | 1.3.3 | 143.00 | OK | |||
r-oldrel-macos-x86_64 | 1.3.3 | 388.00 | OK | |||
r-oldrel-windows-x86_64 | 1.3.3 | 59.00 | 426.00 | 485.00 | OK |
Version: 1.3.3
Check: Rd cross-references
Result: NOTE
Found the following Rd file(s) with Rd \link{} targets missing package
anchors:
fLoadAmeriflux22.Rd: read_csv
fLoadFluxnet15.Rd: cols, read_csv
Please provide package anchors for all Rd \link{} targets not in the
package itself and the base packages.
Flavors: r-devel-linux-x86_64-debian-clang, r-devel-linux-x86_64-debian-gcc, r-devel-windows-x86_64