CRAN Package Check Results for Package RFlocalfdr.data

Last updated on 2025-01-19 05:49:18 CET.

Flavor Version Tinstall Tcheck Ttotal Status Flags
r-devel-linux-x86_64-debian-clang 0.0.3 43.68 30.69 74.37 OK
r-devel-linux-x86_64-debian-gcc 0.0.3 32.49 23.96 56.45 OK
r-devel-linux-x86_64-fedora-clang 0.0.3 111.04 OK
r-devel-linux-x86_64-fedora-gcc 0.0.3 108.45 OK
r-devel-windows-x86_64 0.0.3 35.00 53.00 88.00 OK
r-patched-linux-x86_64 0.0.3 43.66 30.88 74.54 OK
r-release-linux-x86_64 0.0.3 42.37 30.19 72.56 OK
r-release-macos-arm64 0.0.3 45.00 NOTE
r-release-macos-x86_64 0.0.3 66.00 NOTE
r-release-windows-x86_64 0.0.3 38.00 51.00 89.00 NOTE
r-oldrel-macos-arm64 0.0.3 57.00 NOTE
r-oldrel-macos-x86_64 0.0.3 125.00 NOTE
r-oldrel-windows-x86_64 0.0.3 56.00 56.00 112.00 NOTE

Check Details

Version: 0.0.3
Check: installed package size
Result: NOTE installed size is 13.4Mb sub-directories of 1Mb or more: data 13.3Mb Flavors: r-release-macos-arm64, r-release-macos-x86_64, r-release-windows-x86_64, r-oldrel-macos-arm64, r-oldrel-macos-x86_64, r-oldrel-windows-x86_64