CRAN Package Check Results for Package RGCxGC

Last updated on 2020-05-28 12:48:48 CEST.

Flavor Version Tinstall Tcheck Ttotal Status Flags
r-devel-linux-x86_64-debian-clang 1.1-2 17.75 207.30 225.05 OK
r-devel-linux-x86_64-debian-gcc 1.1-2 14.47 147.14 161.61 OK
r-devel-linux-x86_64-fedora-clang 1.1-2 278.83 NOTE
r-devel-linux-x86_64-fedora-gcc 1.1-2 266.33 OK
r-devel-windows-ix86+x86_64 1.1-2 47.00 270.00 317.00 NOTE
r-patched-linux-x86_64 1.1-2 16.47 199.43 215.90 OK
r-patched-solaris-x86 1.1-2 385.00 NOTE
r-release-linux-x86_64 1.1-2 16.55 198.94 215.49 OK
r-release-osx-x86_64 1.1-2 NOTE
r-release-windows-ix86+x86_64 1.1-2 36.00 229.00 265.00 NOTE
r-oldrel-osx-x86_64 1.1-2 NOTE
r-oldrel-windows-ix86+x86_64 1.1-2 32.00 202.00 234.00 NOTE

Check Details

Version: 1.1-2
Check: installed package size
Result: NOTE
     installed size is 7.2Mb
     sub-directories of 1Mb or more:
     data 1.9Mb
     doc 2.2Mb
     extdata 2.7Mb
Flavors: r-devel-linux-x86_64-fedora-clang, r-devel-windows-ix86+x86_64, r-patched-solaris-x86, r-release-osx-x86_64, r-release-windows-ix86+x86_64, r-oldrel-osx-x86_64, r-oldrel-windows-ix86+x86_64