Last updated on 2025-01-19 05:49:18 CET.
Flavor | Version | Tinstall | Tcheck | Ttotal | Status | Flags |
---|---|---|---|---|---|---|
r-devel-linux-x86_64-debian-clang | 1.2.9 | 10.46 | 216.09 | 226.55 | NOTE | |
r-devel-linux-x86_64-debian-gcc | 1.2.9 | 7.13 | 141.96 | 149.09 | NOTE | |
r-devel-linux-x86_64-fedora-clang | 1.2.9 | 369.39 | OK | |||
r-devel-linux-x86_64-fedora-gcc | 1.2.9 | 391.12 | OK | |||
r-devel-windows-x86_64 | 1.2.9 | 12.00 | 209.00 | 221.00 | NOTE | |
r-patched-linux-x86_64 | 1.2.9 | 14.33 | 205.99 | 220.32 | OK | |
r-release-linux-x86_64 | 1.2.9 | 8.78 | 207.25 | 216.03 | OK | |
r-release-macos-arm64 | 1.2.9 | 90.00 | OK | |||
r-release-macos-x86_64 | 1.2.9 | 156.00 | OK | |||
r-release-windows-x86_64 | 1.2.9 | 12.00 | 205.00 | 217.00 | OK | |
r-oldrel-macos-arm64 | 1.2.9 | 97.00 | OK | |||
r-oldrel-macos-x86_64 | 1.2.9 | 188.00 | OK | |||
r-oldrel-windows-x86_64 | 1.2.9 | 14.00 | 272.00 | 286.00 | OK |
Version: 1.2.9
Check: Rd cross-references
Result: NOTE
Found the following Rd file(s) with Rd \link{} targets missing package
anchors:
CCGammaToBlockmatrix.Rd: blockmatrix
omega.Rd: normalCopula, pcopula
omega_inv.Rd: nearPD, normalCopula, pcopula
omega_root.Rd: normalCopula, pcopula
Please provide package anchors for all Rd \link{} targets not in the
package itself and the base packages.
Flavors: r-devel-linux-x86_64-debian-clang, r-devel-linux-x86_64-debian-gcc, r-devel-windows-x86_64