CRAN Package Check Results for Package RGremlinsConjoint

Last updated on 2025-01-19 05:49:18 CET.

Flavor Version Tinstall Tcheck Ttotal Status Flags
r-devel-linux-x86_64-debian-clang 0.9.1 3.18 35.67 38.85 NOTE
r-devel-linux-x86_64-debian-gcc 0.9.1 2.07 27.39 29.46 NOTE
r-devel-linux-x86_64-fedora-clang 0.9.1 65.11 NOTE
r-devel-linux-x86_64-fedora-gcc 0.9.1 79.38 NOTE
r-devel-windows-x86_64 0.9.1 4.00 62.00 66.00 NOTE
r-patched-linux-x86_64 0.9.1 3.06 33.75 36.81 NOTE
r-release-linux-x86_64 0.9.1 2.62 33.68 36.30 NOTE
r-release-macos-arm64 0.9.1 30.00 NOTE
r-release-macos-x86_64 0.9.1 41.00 NOTE
r-release-windows-x86_64 0.9.1 4.00 60.00 64.00 NOTE
r-oldrel-macos-arm64 0.9.1 38.00 OK
r-oldrel-macos-x86_64 0.9.1 75.00 OK
r-oldrel-windows-x86_64 0.9.1 5.00 67.00 72.00 OK

Check Details

Version: 0.9.1
Check: Rd files
Result: NOTE checkRd: (-1) code_sawtooth_design.Rd:53: Lost braces 53 | /url{http://www.sawtoothsoftware.com/help/lighthouse-studio/manual/index.html?hid_web_cbc_exporting.html} | ^ Flavors: r-devel-linux-x86_64-debian-clang, r-devel-linux-x86_64-debian-gcc, r-devel-linux-x86_64-fedora-clang, r-devel-linux-x86_64-fedora-gcc, r-devel-windows-x86_64, r-patched-linux-x86_64, r-release-linux-x86_64, r-release-macos-arm64, r-release-macos-x86_64, r-release-windows-x86_64