CRAN Package Check Results for Package RHMS

Last updated on 2025-01-19 05:49:19 CET.

Flavor Version Tinstall Tcheck Ttotal Status Flags
r-devel-linux-x86_64-debian-clang 1.7 11.55 76.89 88.44 NOTE
r-devel-linux-x86_64-debian-gcc 1.7 5.94 53.99 59.93 NOTE
r-devel-linux-x86_64-fedora-clang 1.7 141.05 NOTE
r-devel-linux-x86_64-fedora-gcc 1.7 127.67 NOTE
r-devel-windows-x86_64 1.7 12.00 90.00 102.00 NOTE
r-patched-linux-x86_64 1.7 12.14 70.75 82.89 NOTE
r-release-linux-x86_64 1.7 10.75 69.30 80.05 NOTE
r-release-macos-arm64 1.7 39.00 NOTE
r-release-macos-x86_64 1.7 69.00 NOTE
r-release-windows-x86_64 1.7 12.00 91.00 103.00 NOTE
r-oldrel-macos-arm64 1.7 40.00 OK
r-oldrel-macos-x86_64 1.7 61.00 OK
r-oldrel-windows-x86_64 1.7 14.00 105.00 119.00 OK

Check Details

Version: 1.7
Check: Rd files
Result: NOTE checkRd: (-1) reachRouting.Rd:15: Lost braces 15 | \item{inflow}{a vector of runoff (cms) presenting a runoff event generated by excess rainfall computed by \code{loss} methods or an object inherited from any of the following classes :{\code{transform} ; \code{reachRouting} ; \code{reservoirRouting}}.} | ^ checkRd: (-1) reachRouting.base.Rd:14: Lost braces 14 | \item{inflow}{a vector of runoff (cms) or an object inherited from any of the following classes :{\code{transform} ; \code{reachRouting} ; \code{reservoirRouting}}.} | ^ checkRd: (-1) reachRouting.default.Rd:21: Lost braces 21 | \item{inflow}{a vector of runoff (cms) or an object inherited from any of the following classes :{\code{transform} ; \code{reachRouting} ; \code{reservoirRouting}}.} | ^ checkRd: (-1) reservoirRouting.Rd:13: Lost braces 13 | \item{inflow}{a vector of in (cms) presenting a runoff event generated by excess rainfall computed by \code{loss} methods or an object inherited from any of the following classes :{\code{transform} ; \code{reachRouting} ; \code{reservoirRouting}}.} | ^ checkRd: (-1) reservoirRouting.base.Rd:13: Lost braces 13 | \item{inflow}{a vector of in (cms) presenting a runoff event generated by excess rainfall computed by \code{loss} methods or an object inherited from any of the following classes :{\code{transform} ; \code{reachRouting} ; \code{reservoirRouting}}.} | ^ checkRd: (-1) reservoirRouting.default.Rd:18: Lost braces 18 | \item{inflow}{a vector of in (cms) presenting a runoff event generated by excess rainfall computed by \code{loss} methods or an object inherited from any of the following classes :{\code{transform} ; \code{reachRouting} ; \code{reservoirRouting}}.} | ^ Flavors: r-devel-linux-x86_64-debian-clang, r-devel-linux-x86_64-debian-gcc, r-devel-linux-x86_64-fedora-clang, r-devel-linux-x86_64-fedora-gcc, r-devel-windows-x86_64, r-patched-linux-x86_64, r-release-linux-x86_64, r-release-macos-arm64, r-release-macos-x86_64, r-release-windows-x86_64