Last updated on 2024-04-21 12:54:10 CEST.
Flavor | Version | Tinstall | Tcheck | Ttotal | Status | Flags |
---|---|---|---|---|---|---|
r-devel-linux-x86_64-debian-clang | 1.4 | 22.12 | 35.54 | 57.66 | OK | |
r-devel-linux-x86_64-debian-gcc | 1.4 | 16.92 | 27.40 | 44.32 | OK | |
r-devel-linux-x86_64-fedora-clang | 1.4 | 79.92 | NOTE | |||
r-devel-linux-x86_64-fedora-gcc | 1.4 | 75.03 | NOTE | |||
r-prerel-macos-arm64 | 1.4 | 24.00 | OK | |||
r-prerel-windows-x86_64 | 1.4 | 19.00 | 74.00 | 93.00 | OK | |
r-patched-linux-x86_64 | 1.4 | 22.25 | 34.69 | 56.94 | OK | |
r-release-linux-x86_64 | 1.4 | 21.82 | 33.78 | 55.60 | OK | |
r-release-macos-arm64 | 1.4 | 30.00 | OK | |||
r-release-macos-x86_64 | 1.4 | 60.00 | OK | |||
r-release-windows-x86_64 | 1.4 | 20.00 | 83.00 | 103.00 | OK | |
r-oldrel-macos-arm64 | 1.4 | 32.00 | OK | |||
r-oldrel-windows-x86_64 | 1.4 | 23.00 | 78.00 | 101.00 | OK |
Version: 1.4
Check: compiled code
Result: NOTE
File ‘RI2by2/libs/RI2by2.so’:
Found no calls to: ‘R_registerRoutines’, ‘R_useDynamicSymbols’
It is good practice to register native routines and to disable symbol
search.
See ‘Writing portable packages’ in the ‘Writing R Extensions’ manual.
Flavors: r-devel-linux-x86_64-fedora-clang, r-devel-linux-x86_64-fedora-gcc