CRAN Package Check Results for Package RImageJROI

Last updated on 2020-10-31 11:50:50 CET.

Flavor Version Tinstall Tcheck Ttotal Status Flags
r-devel-linux-x86_64-debian-clang 0.1.1 8.94 74.49 83.43 NOTE
r-devel-linux-x86_64-debian-gcc 0.1.1 6.30 56.45 62.75 NOTE
r-devel-linux-x86_64-fedora-clang 0.1.1 108.53 NOTE
r-devel-linux-x86_64-fedora-gcc 0.1.1 98.55 NOTE
r-devel-windows-ix86+x86_64 0.1.1 18.00 105.00 123.00 NOTE
r-patched-linux-x86_64 0.1.1 7.06 70.43 77.49 NOTE
r-patched-solaris-x86 0.1.1 142.10 NOTE
r-release-linux-x86_64 0.1.1 7.26 69.91 77.17 NOTE
r-release-macos-x86_64 0.1.1 NOTE
r-release-windows-ix86+x86_64 0.1.1 15.00 87.00 102.00 NOTE
r-oldrel-macos-x86_64 0.1.1 NOTE
r-oldrel-windows-ix86+x86_64 0.1.1 16.00 64.00 80.00 NOTE

Check Details

Version: 0.1.1
Check: R code for possible problems
Result: NOTE
    plot.ijzip: no visible global function definition for 'axis'
    read.ijzip: no visible global function definition for 'unzip'
    Undefined global functions or variables:
     axis unzip
    Consider adding
     importFrom("graphics", "axis")
     importFrom("utils", "unzip")
    to your NAMESPACE file.
Flavors: r-devel-linux-x86_64-debian-clang, r-devel-linux-x86_64-debian-gcc, r-devel-linux-x86_64-fedora-clang, r-devel-linux-x86_64-fedora-gcc, r-devel-windows-ix86+x86_64, r-patched-linux-x86_64, r-patched-solaris-x86, r-release-linux-x86_64, r-release-macos-x86_64, r-release-windows-ix86+x86_64

Version: 0.1.1
Check: R code for possible problems
Result: NOTE
    plot.ijzip: no visible global function definition for ‘plot’
    plot.ijzip : <anonymous>: no visible global function definition for
     ‘plot’
    plot.ijzip: no visible global function definition for ‘axis’
    read.ijzip: no visible global function definition for ‘unzip’
    Undefined global functions or variables:
     axis plot unzip
    Consider adding
     importFrom("graphics", "axis", "plot")
     importFrom("utils", "unzip")
    to your NAMESPACE file.
Flavors: r-oldrel-macos-x86_64, r-oldrel-windows-ix86+x86_64