Last updated on 2025-01-19 05:49:19 CET.
Flavor | Version | Tinstall | Tcheck | Ttotal | Status | Flags |
---|---|---|---|---|---|---|
r-devel-linux-x86_64-debian-clang | 0.2.8 | 10.21 | 78.61 | 88.82 | OK | |
r-devel-linux-x86_64-debian-gcc | 0.2.8 | 6.68 | 52.47 | 59.15 | OK | |
r-devel-linux-x86_64-fedora-clang | 0.2.8 | 143.87 | OK | |||
r-devel-linux-x86_64-fedora-gcc | 0.2.8 | 141.87 | OK | |||
r-devel-windows-x86_64 | 0.2.8 | 12.00 | 93.00 | 105.00 | OK | |
r-patched-linux-x86_64 | 0.2.8 | 9.84 | 73.74 | 83.58 | OK | |
r-release-linux-x86_64 | 0.2.8 | 10.01 | 72.71 | 82.72 | OK | |
r-release-macos-arm64 | 0.2.8 | 41.00 | NOTE | |||
r-release-macos-x86_64 | 0.2.8 | 94.00 | NOTE | |||
r-release-windows-x86_64 | 0.2.8 | 12.00 | 92.00 | 104.00 | NOTE | |
r-oldrel-macos-arm64 | 0.2.8 | 39.00 | NOTE | |||
r-oldrel-macos-x86_64 | 0.2.8 | 74.00 | NOTE | |||
r-oldrel-windows-x86_64 | 0.2.8 | 12.00 | 103.00 | 115.00 | NOTE |
Version: 0.2.8
Check: installed package size
Result: NOTE
installed size is 5.1Mb
sub-directories of 1Mb or more:
java 4.2Mb
Flavors: r-release-macos-arm64, r-release-macos-x86_64, r-release-windows-x86_64, r-oldrel-macos-arm64, r-oldrel-macos-x86_64, r-oldrel-windows-x86_64