CRAN Package Check Results for Package RKEEL

Last updated on 2025-01-19 05:49:19 CET.

Flavor Version Tinstall Tcheck Ttotal Status Flags
r-devel-linux-x86_64-debian-clang 1.3.4 100.88 352.13 453.01 OK
r-devel-linux-x86_64-debian-gcc 1.3.4 51.12 252.18 303.30 OK
r-devel-linux-x86_64-fedora-clang 1.3.4 722.83 NOTE
r-devel-linux-x86_64-fedora-gcc 1.3.4 716.17 NOTE
r-devel-windows-x86_64 1.3.4 106.00 594.00 700.00 OK
r-patched-linux-x86_64 1.3.4 93.95 341.52 435.47 OK
r-release-linux-x86_64 1.3.4 80.07 337.50 417.57 OK
r-release-macos-arm64 1.3.4 256.00 NOTE
r-release-macos-x86_64 1.3.4 374.00 NOTE
r-release-windows-x86_64 1.3.4 104.00 498.00 602.00 NOTE
r-oldrel-macos-arm64 1.3.4 330.00 NOTE
r-oldrel-macos-x86_64 1.3.4 462.00 NOTE
r-oldrel-windows-x86_64 1.3.4 118.00 509.00 627.00 NOTE

Check Details

Version: 1.3.4
Check: dependencies in R code
Result: NOTE Namespaces in Imports field not imported from: ‘Matrix’ ‘arules’ ‘pmml’ ‘rJava’ All declared Imports should be used. Flavors: r-devel-linux-x86_64-fedora-clang, r-devel-linux-x86_64-fedora-gcc

Version: 1.3.4
Check: installed package size
Result: NOTE installed size is 28.3Mb sub-directories of 1Mb or more: R 4.0Mb exe 23.8Mb Flavors: r-release-macos-arm64, r-release-macos-x86_64, r-release-windows-x86_64, r-oldrel-macos-arm64, r-oldrel-macos-x86_64, r-oldrel-windows-x86_64