Last updated on 2025-01-19 05:49:19 CET.
Flavor | Version | Tinstall | Tcheck | Ttotal | Status | Flags |
---|---|---|---|---|---|---|
r-devel-linux-x86_64-debian-clang | 3.1-8 | 15.45 | 63.00 | 78.45 | NOTE | |
r-devel-linux-x86_64-debian-gcc | 3.1-8 | 12.15 | 47.04 | 59.19 | NOTE | |
r-devel-linux-x86_64-fedora-clang | 3.1-8 | 131.67 | NOTE | |||
r-devel-linux-x86_64-fedora-gcc | 3.1-8 | 132.09 | NOTE | |||
r-devel-windows-x86_64 | 3.1-8 | 20.00 | 91.00 | 111.00 | NOTE | |
r-patched-linux-x86_64 | 3.1-8 | 15.86 | 59.67 | 75.53 | NOTE | |
r-release-linux-x86_64 | 3.1-8 | 15.61 | 58.79 | 74.40 | NOTE | |
r-release-macos-arm64 | 3.1-8 | 42.00 | NOTE | |||
r-release-macos-x86_64 | 3.1-8 | 61.00 | NOTE | |||
r-release-windows-x86_64 | 3.1-8 | 18.00 | 91.00 | 109.00 | NOTE | |
r-oldrel-macos-arm64 | 3.1-8 | 49.00 | NOTE | |||
r-oldrel-macos-x86_64 | 3.1-8 | 68.00 | NOTE | |||
r-oldrel-windows-x86_64 | 3.1-8 | 22.00 | 114.00 | 136.00 | NOTE |
Version: 3.1-8
Check: C++ specification
Result: NOTE
Specified C++11: please drop specification unless essential
Flavors: r-devel-linux-x86_64-debian-clang, r-devel-linux-x86_64-debian-gcc, r-devel-linux-x86_64-fedora-clang, r-devel-linux-x86_64-fedora-gcc, r-devel-windows-x86_64, r-patched-linux-x86_64, r-release-linux-x86_64, r-release-macos-arm64, r-release-macos-x86_64, r-release-windows-x86_64, r-oldrel-macos-arm64, r-oldrel-macos-x86_64, r-oldrel-windows-x86_64