CRAN Package Check Results for Package RLumModel

Last updated on 2025-01-19 05:49:19 CET.

Flavor Version Tinstall Tcheck Ttotal Status Flags
r-devel-linux-x86_64-debian-clang 0.2.10 28.44 47.57 76.01 NOTE
r-devel-linux-x86_64-debian-gcc 0.2.10 19.55 35.68 55.23 NOTE
r-devel-linux-x86_64-fedora-clang 0.2.10 139.79 NOTE
r-devel-linux-x86_64-fedora-gcc 0.2.10 149.50 NOTE
r-devel-windows-x86_64 0.2.10 31.00 86.00 117.00 NOTE
r-patched-linux-x86_64 0.2.10 27.38 45.20 72.58 NOTE
r-release-linux-x86_64 0.2.10 26.12 44.49 70.61 NOTE
r-release-macos-arm64 0.2.10 45.00 NOTE
r-release-macos-x86_64 0.2.10 60.00 NOTE
r-release-windows-x86_64 0.2.10 31.00 88.00 119.00 NOTE
r-oldrel-macos-arm64 0.2.10 47.00 NOTE
r-oldrel-macos-x86_64 0.2.10 76.00 NOTE
r-oldrel-windows-x86_64 0.2.10 39.00 102.00 141.00 NOTE

Check Details

Version: 0.2.10
Check: C++ specification
Result: NOTE Specified C++11: please drop specification unless essential Flavors: r-devel-linux-x86_64-debian-clang, r-devel-linux-x86_64-debian-gcc, r-devel-linux-x86_64-fedora-clang, r-devel-linux-x86_64-fedora-gcc, r-devel-windows-x86_64, r-patched-linux-x86_64, r-release-linux-x86_64, r-release-macos-arm64, r-release-macos-x86_64, r-release-windows-x86_64, r-oldrel-macos-arm64, r-oldrel-macos-x86_64, r-oldrel-windows-x86_64