CRAN Package Check Results for Package RMAT

Last updated on 2025-01-19 05:49:19 CET.

Flavor Version Tinstall Tcheck Ttotal Status Flags
r-devel-linux-x86_64-debian-clang 0.2.0 4.06 33.71 37.77 OK
r-devel-linux-x86_64-debian-gcc 0.2.0 2.63 25.21 27.84 OK
r-devel-linux-x86_64-fedora-clang 0.2.0 60.44 NOTE
r-devel-linux-x86_64-fedora-gcc 0.2.0 59.18 NOTE
r-devel-windows-x86_64 0.2.0 6.00 53.00 59.00 OK
r-patched-linux-x86_64 0.2.0 4.06 31.42 35.48 OK
r-release-linux-x86_64 0.2.0 3.54 30.88 34.42 OK
r-release-macos-arm64 0.2.0 20.00 OK
r-release-macos-x86_64 0.2.0 31.00 OK
r-release-windows-x86_64 0.2.0 6.00 54.00 60.00 OK
r-oldrel-macos-arm64 0.2.0 23.00 OK
r-oldrel-macos-x86_64 0.2.0 31.00 OK
r-oldrel-windows-x86_64 0.2.0 6.00 59.00 65.00 OK

Check Details

Version: 0.2.0
Check: dependencies in R code
Result: NOTE Namespace in Imports field not imported from: ‘magrittr’ All declared Imports should be used. Flavors: r-devel-linux-x86_64-fedora-clang, r-devel-linux-x86_64-fedora-gcc