Last updated on 2025-01-19 05:49:19 CET.
Flavor | Version | Tinstall | Tcheck | Ttotal | Status | Flags |
---|---|---|---|---|---|---|
r-devel-linux-x86_64-debian-clang | 1.3.3 | 38.18 | 44.52 | 82.70 | OK | |
r-devel-linux-x86_64-debian-gcc | 1.3.3 | 27.32 | 33.79 | 61.11 | OK | |
r-devel-linux-x86_64-fedora-clang | 1.3.3 | 173.63 | OK | |||
r-devel-linux-x86_64-fedora-gcc | 1.3.3 | 150.62 | OK | |||
r-devel-windows-x86_64 | 1.3.3 | 104.00 | 215.00 | 319.00 | OK | |
r-patched-linux-x86_64 | 1.3.3 | 38.32 | 42.04 | 80.36 | OK | |
r-release-linux-x86_64 | 1.3.3 | 38.64 | 42.08 | 80.72 | OK | |
r-release-macos-arm64 | 1.3.3 | 43.00 | NOTE | |||
r-release-macos-x86_64 | 1.3.3 | 80.00 | NOTE | |||
r-release-windows-x86_64 | 1.3.3 | 102.00 | 216.00 | 318.00 | OK | |
r-oldrel-macos-arm64 | 1.3.3 | 44.00 | NOTE | |||
r-oldrel-macos-x86_64 | 1.3.3 | 78.00 | NOTE | |||
r-oldrel-windows-x86_64 | 1.3.3 | 114.00 | 227.00 | 341.00 | OK |
Version: 1.3.3
Check: installed package size
Result: NOTE
installed size is 5.4Mb
sub-directories of 1Mb or more:
libs 4.9Mb
Flavors: r-release-macos-arm64, r-release-macos-x86_64, r-oldrel-macos-arm64, r-oldrel-macos-x86_64