Last updated on 2025-01-19 05:49:19 CET.
Flavor | Version | Tinstall | Tcheck | Ttotal | Status | Flags |
---|---|---|---|---|---|---|
r-devel-linux-x86_64-debian-clang | 4.0.11 | 279.51 | 125.19 | 404.70 | OK | |
r-devel-linux-x86_64-debian-gcc | 4.0.11 | 196.00 | 120.69 | 316.69 | OK | |
r-devel-linux-x86_64-fedora-clang | 4.0.11 | 752.59 | OK | |||
r-devel-linux-x86_64-fedora-gcc | 4.0.11 | 830.57 | OK | |||
r-devel-windows-x86_64 | 4.0.11 | 285.00 | 222.00 | 507.00 | OK | |
r-patched-linux-x86_64 | 4.0.11 | 275.96 | 123.84 | 399.80 | OK | |
r-release-linux-x86_64 | 4.0.11 | 281.34 | 122.35 | 403.69 | OK | |
r-release-macos-arm64 | 4.0.11 | 153.00 | NOTE | |||
r-release-macos-x86_64 | 4.0.11 | 194.00 | NOTE | |||
r-release-windows-x86_64 | 4.0.11 | 286.00 | 222.00 | 508.00 | OK | |
r-oldrel-macos-arm64 | 4.0.11 | 135.00 | NOTE | |||
r-oldrel-macos-x86_64 | 4.0.11 | 226.00 | NOTE | |||
r-oldrel-windows-x86_64 | 4.0.11 | 330.00 | 232.00 | 562.00 | OK |
Version: 4.0.11
Check: installed package size
Result: NOTE
installed size is 30.5Mb
sub-directories of 1Mb or more:
libs 30.3Mb
Flavors: r-release-macos-arm64, r-release-macos-x86_64, r-oldrel-macos-arm64, r-oldrel-macos-x86_64