CRAN Package Check Results for Package RNeXML

Last updated on 2019-10-17 12:47:48 CEST.

Flavor Version Tinstall Tcheck Ttotal Status Flags
r-devel-linux-x86_64-debian-clang 2.3.0 15.29 223.09 238.38 NOTE
r-devel-linux-x86_64-debian-gcc 2.3.0 12.19 167.28 179.47 NOTE
r-devel-linux-x86_64-fedora-clang 2.3.0 273.76 NOTE
r-devel-linux-x86_64-fedora-gcc 2.3.0 280.83 NOTE
r-devel-windows-ix86+x86_64 2.3.0 38.00 326.00 364.00 NOTE
r-patched-linux-x86_64 2.3.0 14.99 214.28 229.27 NOTE
r-patched-solaris-x86 2.3.0 336.70 NOTE
r-release-linux-x86_64 2.3.0 14.75 214.94 229.69 NOTE
r-release-windows-ix86+x86_64 2.3.0 23.00 253.00 276.00 NOTE
r-release-osx-x86_64 2.3.0 NOTE
r-oldrel-windows-ix86+x86_64 2.3.0 15.00 231.00 246.00 NOTE
r-oldrel-osx-x86_64 2.3.0 NOTE

Check Details

Version: 2.3.0
Check: package dependencies
Result: NOTE
    Package suggested but not available for checking: 'taxadb'
Flavors: r-devel-linux-x86_64-debian-clang, r-devel-linux-x86_64-debian-gcc, r-devel-linux-x86_64-fedora-clang, r-devel-linux-x86_64-fedora-gcc, r-devel-windows-ix86+x86_64, r-patched-linux-x86_64, r-patched-solaris-x86, r-release-linux-x86_64, r-release-windows-ix86+x86_64, r-release-osx-x86_64, r-oldrel-windows-ix86+x86_64, r-oldrel-osx-x86_64

Version: 2.3.0
Check: for non-standard things in the check directory
Result: NOTE
    Found the following files/directories:
     'example.xml'
Flavors: r-devel-linux-x86_64-debian-clang, r-devel-linux-x86_64-debian-gcc, r-devel-linux-x86_64-fedora-clang, r-devel-linux-x86_64-fedora-gcc