Last updated on 2024-05-04 14:48:30 CEST.
Flavor | Version | Tinstall | Tcheck | Ttotal | Status | Flags |
---|---|---|---|---|---|---|
r-devel-linux-x86_64-debian-clang | 0.2.3 | 29.12 | 34.06 | 63.18 | NOTE | |
r-devel-linux-x86_64-debian-gcc | 0.2.3 | 22.51 | 26.32 | 48.83 | NOTE | |
r-devel-linux-x86_64-fedora-clang | 0.2.3 | 91.03 | NOTE | |||
r-devel-linux-x86_64-fedora-gcc | 0.2.3 | 86.31 | NOTE | |||
r-devel-windows-x86_64 | 0.2.3 | 27.00 | 68.00 | 95.00 | NOTE | |
r-patched-linux-x86_64 | 0.2.3 | 25.11 | 32.77 | 57.88 | NOTE | |
r-release-linux-x86_64 | 0.2.3 | 23.64 | 32.64 | 56.28 | NOTE | |
r-release-macos-arm64 | 0.2.3 | 25.00 | NOTE | |||
r-release-windows-x86_64 | 0.2.3 | 24.00 | 67.00 | 91.00 | NOTE | |
r-oldrel-macos-arm64 | 0.2.3 | 30.00 | NOTE | |||
r-oldrel-macos-x86_64 | 0.2.3 | 45.00 | NOTE | |||
r-oldrel-windows-x86_64 | 0.2.3 | 31.00 | 74.00 | 105.00 | NOTE |
Version: 0.2.3
Check: C++ specification
Result: NOTE
Specified C++11: please drop specification unless essential
Flavors: r-devel-linux-x86_64-debian-clang, r-devel-linux-x86_64-debian-gcc, r-devel-linux-x86_64-fedora-clang, r-devel-linux-x86_64-fedora-gcc, r-devel-windows-x86_64, r-patched-linux-x86_64, r-release-linux-x86_64, r-release-macos-arm64, r-release-windows-x86_64, r-oldrel-macos-arm64, r-oldrel-macos-x86_64, r-oldrel-windows-x86_64