Last updated on 2025-01-19 05:49:19 CET.
Flavor | Version | Tinstall | Tcheck | Ttotal | Status | Flags |
---|---|---|---|---|---|---|
r-devel-linux-x86_64-debian-clang | 1.0.10 | 15.39 | 111.04 | 126.43 | OK | |
r-devel-linux-x86_64-debian-gcc | 1.0.10 | 10.17 | 78.34 | 88.51 | OK | |
r-devel-linux-x86_64-fedora-clang | 1.0.10 | 206.68 | NOTE | |||
r-devel-linux-x86_64-fedora-gcc | 1.0.10 | 221.12 | NOTE | |||
r-devel-windows-x86_64 | 1.0.10 | 19.00 | 127.00 | 146.00 | OK | |
r-patched-linux-x86_64 | 1.0.10 | 17.42 | 104.06 | 121.48 | OK | |
r-release-linux-x86_64 | 1.0.10 | 14.54 | 103.56 | 118.10 | OK | |
r-release-macos-arm64 | 1.0.10 | 58.00 | OK | |||
r-release-macos-x86_64 | 1.0.10 | 93.00 | OK | |||
r-release-windows-x86_64 | 1.0.10 | 19.00 | 124.00 | 143.00 | OK | |
r-oldrel-macos-arm64 | 1.0.10 | 73.00 | OK | |||
r-oldrel-macos-x86_64 | 1.0.10 | 153.00 | OK | |||
r-oldrel-windows-x86_64 | 1.0.10 | 19.00 | 146.00 | 165.00 | OK |
Version: 1.0.10
Check: dependencies in R code
Result: NOTE
Namespaces in Imports field not imported from:
‘SparseM’ ‘nlme’ ‘timeDate’
All declared Imports should be used.
Flavors: r-devel-linux-x86_64-fedora-clang, r-devel-linux-x86_64-fedora-gcc