CRAN Package Check Results for Package RPointCloud

Last updated on 2025-01-19 05:49:19 CET.

Flavor Version Tinstall Tcheck Ttotal Status Flags
r-devel-linux-x86_64-debian-clang 0.8.0 0.62 2.02 2.64 ERROR
r-devel-linux-x86_64-debian-gcc 0.8.0 0.44 1.78 2.22 ERROR
r-devel-linux-x86_64-fedora-clang 0.8.0 2.85 ERROR
r-devel-linux-x86_64-fedora-gcc 0.8.0 2.89 ERROR
r-devel-windows-x86_64 0.8.0 24.00 257.00 281.00 OK
r-patched-linux-x86_64 0.8.0 0.60 1.80 2.40 ERROR
r-release-linux-x86_64 0.8.0 0.57 1.84 2.41 ERROR
r-release-macos-arm64 0.8.0 130.00 OK
r-release-macos-x86_64 0.8.0 351.00 OK
r-release-windows-x86_64 0.8.0 24.00 261.00 285.00 OK
r-oldrel-macos-arm64 0.8.0 151.00 OK
r-oldrel-macos-x86_64 0.8.0 292.00 OK
r-oldrel-windows-x86_64 0.8.0 32.00 294.00 326.00 OK

Check Details

Version: 0.8.0
Check: package dependencies
Result: ERROR Package required but not available: ‘TDA’ See section ‘The DESCRIPTION file’ in the ‘Writing R Extensions’ manual. Flavors: r-devel-linux-x86_64-debian-clang, r-devel-linux-x86_64-debian-gcc, r-devel-linux-x86_64-fedora-clang, r-devel-linux-x86_64-fedora-gcc, r-patched-linux-x86_64, r-release-linux-x86_64