Last updated on 2024-03-28 14:48:41 CET.
Flavor | Version | Tinstall | Tcheck | Ttotal | Status | Flags |
---|---|---|---|---|---|---|
r-devel-linux-x86_64-debian-clang | 1.4.6 | 80.28 | 66.33 | 146.61 | OK | |
r-devel-linux-x86_64-debian-gcc | 1.4.6 | 56.36 | 50.21 | 106.57 | OK | |
r-devel-linux-x86_64-fedora-clang | 1.4.6 | 220.24 | OK | |||
r-devel-linux-x86_64-fedora-gcc | 1.4.6 | 198.78 | OK | |||
r-devel-windows-x86_64 | 1.4.6 | 143.00 | 329.00 | 472.00 | NOTE | |
r-patched-linux-x86_64 | 1.4.6 | 76.58 | 62.57 | 139.15 | OK | |
r-release-linux-x86_64 | 1.4.6 | 68.32 | 62.67 | 130.99 | OK | |
r-release-macos-arm64 | 1.4.6 | 66.00 | NOTE | |||
r-release-macos-x86_64 | 1.4.6 | 117.00 | NOTE | |||
r-release-windows-x86_64 | 1.4.6 | 166.00 | 352.00 | 518.00 | NOTE | |
r-oldrel-macos-arm64 | 1.4.6 | 68.00 | NOTE | |||
r-oldrel-windows-x86_64 | 1.4.6 | 142.00 | 327.00 | 469.00 | NOTE |
Version: 1.4.6
Check: installed package size
Result: NOTE
installed size is 6.5Mb
sub-directories of 1Mb or more:
libs 6.0Mb
Flavors: r-devel-windows-x86_64, r-release-macos-arm64, r-release-macos-x86_64, r-release-windows-x86_64, r-oldrel-macos-arm64, r-oldrel-windows-x86_64