CRAN Package Check Results for Package RQuantLib

Last updated on 2019-10-19 12:47:46 CEST.

Flavor Version Tinstall Tcheck Ttotal Status Flags
r-devel-linux-x86_64-debian-clang 0.4.10 672.79 107.79 780.58 OK
r-devel-linux-x86_64-debian-gcc 0.4.10 747.55 92.96 840.51 OK
r-devel-windows-ix86+x86_64 0.4.10 2012.00 248.00 2260.00 NOTE
r-patched-linux-x86_64 0.4.10 806.85 114.36 921.21 OK
r-release-linux-x86_64 0.4.10 797.27 117.36 914.63 OK
r-release-windows-ix86+x86_64 0.4.10 2198.00 170.00 2368.00 NOTE
r-release-osx-x86_64 0.4.10 NOTE
r-oldrel-windows-ix86+x86_64 0.4.10 2068.00 173.00 2241.00 NOTE
r-oldrel-osx-x86_64 0.4.10 NOTE

Check Details

Version: 0.4.10
Check: installed package size
Result: NOTE
     installed size is 27.6Mb
     sub-directories of 1Mb or more:
     libs 27.1Mb
Flavors: r-devel-windows-ix86+x86_64, r-release-windows-ix86+x86_64, r-release-osx-x86_64, r-oldrel-windows-ix86+x86_64, r-oldrel-osx-x86_64

Version: 0.4.10
Check: dependencies in R code
Result: NOTE
    No protocol specified
Flavors: r-release-osx-x86_64, r-oldrel-osx-x86_64