CRAN Package Check Results for Package RRPP

Last updated on 2025-01-19 05:49:19 CET.

Flavor Version Tinstall Tcheck Ttotal Status Flags
r-devel-linux-x86_64-debian-clang 2.0.4 17.61 206.54 224.15 OK
r-devel-linux-x86_64-debian-gcc 2.0.4 13.49 139.52 153.01 OK
r-devel-linux-x86_64-fedora-clang 2.0.4 371.03 OK
r-devel-linux-x86_64-fedora-gcc 2.0.4 382.72 OK
r-devel-windows-x86_64 2.0.4 18.00 216.00 234.00 OK
r-patched-linux-x86_64 2.0.4 17.58 196.49 214.07 OK
r-release-linux-x86_64 2.0.4 17.35 194.73 212.08 OK
r-release-macos-arm64 2.0.4 239.00 OK
r-release-macos-x86_64 2.0.4 329.00 OK
r-release-windows-x86_64 2.0.4 20.00 210.00 230.00 OK
r-oldrel-macos-arm64 2.0.2 156.00 ERROR
r-oldrel-macos-x86_64 2.0.2 282.00 ERROR
r-oldrel-windows-x86_64 2.0.2 25.00 263.00 288.00 OK

Check Details

Version: 2.0.2
Check: running R code from vignettes
Result: ERROR Errors in running code in vignettes: when running code in ‘Using.RRPP.Rmd’ ... > fit.par <- lm(fit$call$f1, data = fit$LM$data) > all.equal(fit$LM$coefficients, fit.par$coefficients) [1] TRUE > summary(manova(fit.par)) When sourcing ‘Using.RRPP.R’: Error: residuals have rank 49 < 112 Execution halted ‘ANOVA.vs.MANOVA.Rmd’ using ‘UTF-8’... [18s/28s] OK ‘Using.RRPP.Rmd’ using ‘UTF-8’... failed Flavor: r-oldrel-macos-arm64

Version: 2.0.2
Check: running R code from vignettes
Result: ERROR Errors in running code in vignettes: when running code in ‘Using.RRPP.Rmd’ ... > fit.par <- lm(fit$call$f1, data = fit$LM$data) > all.equal(fit$LM$coefficients, fit.par$coefficients) [1] TRUE > summary(manova(fit.par)) When sourcing ‘Using.RRPP.R’: Error: residuals have rank 49 < 112 Execution halted ‘ANOVA.vs.MANOVA.Rmd’ using ‘UTF-8’... [28s/42s] OK ‘Using.RRPP.Rmd’ using ‘UTF-8’... failed Flavor: r-oldrel-macos-x86_64