CRAN Package Check Results for Package RRphylo

Last updated on 2025-01-19 05:49:19 CET.

Flavor Version Tinstall Tcheck Ttotal Status Flags
r-devel-linux-x86_64-debian-clang 2.8.1 25.68 313.61 339.29 OK
r-devel-linux-x86_64-debian-gcc 2.8.1 18.08 228.36 246.44 OK
r-devel-linux-x86_64-fedora-clang 2.8.1 568.14 OK
r-devel-linux-x86_64-fedora-gcc 2.8.1 558.22 OK
r-devel-windows-x86_64 2.8.1 26.00 248.00 274.00 OK
r-patched-linux-x86_64 2.8.1 25.77 302.38 328.15 OK
r-release-linux-x86_64 2.8.1 24.59 300.59 325.18 OK
r-release-macos-arm64 2.8.1 145.00 NOTE
r-release-macos-x86_64 2.8.1 396.00 NOTE
r-release-windows-x86_64 2.8.1 27.00 245.00 272.00 NOTE
r-oldrel-macos-arm64 2.8.1 155.00 NOTE
r-oldrel-macos-x86_64 2.8.1 352.00 NOTE
r-oldrel-windows-x86_64 2.8.1 32.00 307.00 339.00 NOTE

Check Details

Version: 2.8.1
Check: installed package size
Result: NOTE installed size is 5.1Mb sub-directories of 1Mb or more: doc 3.3Mb Flavors: r-release-macos-arm64, r-release-macos-x86_64, r-release-windows-x86_64, r-oldrel-macos-arm64, r-oldrel-macos-x86_64, r-oldrel-windows-x86_64