Last updated on 2025-01-19 05:49:19 CET.
Flavor | Version | Tinstall | Tcheck | Ttotal | Status | Flags |
---|---|---|---|---|---|---|
r-devel-linux-x86_64-debian-clang | 1.4.0 | 10.46 | 76.51 | 86.97 | NOTE | |
r-devel-linux-x86_64-debian-gcc | 1.4.0 | 6.60 | 53.40 | 60.00 | NOTE | |
r-devel-linux-x86_64-fedora-clang | 1.4.0 | 139.81 | NOTE | |||
r-devel-linux-x86_64-fedora-gcc | 1.4.0 | 157.39 | NOTE | |||
r-devel-windows-x86_64 | 1.4.0 | 11.00 | 97.00 | 108.00 | NOTE | |
r-patched-linux-x86_64 | 1.4.0 | 15.60 | 72.83 | 88.43 | NOTE | |
r-release-linux-x86_64 | 1.4.0 | 9.11 | 72.02 | 81.13 | NOTE | |
r-release-macos-arm64 | 1.4.0 | 40.00 | NOTE | |||
r-release-macos-x86_64 | 1.4.0 | 72.00 | NOTE | |||
r-release-windows-x86_64 | 1.4.0 | 11.00 | 95.00 | 106.00 | NOTE | |
r-oldrel-macos-arm64 | 1.4.0 | 47.00 | OK | |||
r-oldrel-macos-x86_64 | 1.4.0 | 68.00 | OK | |||
r-oldrel-windows-x86_64 | 1.4.0 | 13.00 | 112.00 | 125.00 | OK |
Version: 1.4.0
Check: Rd files
Result: NOTE
checkRd: (-1) landslides.Rd:11-21: Lost braces in \enumerate; meant \describe ?
checkRd: (-1) landslides.Rd:16: Lost braces in \itemize; meant \describe ?
checkRd: (-1) landslides.Rd:17-18: Lost braces in \itemize; meant \describe ?
checkRd: (-1) landslides.Rd:22-26: Lost braces
22 | \item \code{dem} {Digital elevation model given as a .Rd grid, i.e. a list
| ^
checkRd: (-1) landslides.Rd:27-28: Lost braces
27 | \item \code{study_area} {An \code{sf}-object representing the outlines of
| ^
checkRd: (-1) rsaga.get.modules.Rd:68: Lost braces in \itemize; \value handles \item{}{} directly
checkRd: (-1) rsaga.get.modules.Rd:69: Lost braces in \itemize; \value handles \item{}{} directly
checkRd: (-1) rsaga.get.modules.Rd:70: Lost braces in \itemize; \value handles \item{}{} directly
Flavors: r-devel-linux-x86_64-debian-clang, r-devel-linux-x86_64-debian-gcc, r-devel-linux-x86_64-fedora-clang, r-devel-linux-x86_64-fedora-gcc, r-devel-windows-x86_64, r-patched-linux-x86_64, r-release-linux-x86_64, r-release-macos-arm64, r-release-macos-x86_64, r-release-windows-x86_64
Version: 1.4.0
Check: Rd cross-references
Result: NOTE
Found the following Rd file(s) with Rd \link{} targets missing package
anchors:
pick.from.points.Rd: vgm, krige
Please provide package anchors for all Rd \link{} targets not in the
package itself and the base packages.
Flavors: r-devel-linux-x86_64-debian-clang, r-devel-linux-x86_64-debian-gcc, r-devel-windows-x86_64