Last updated on 2025-01-19 05:49:19 CET.
Flavor | Version | Tinstall | Tcheck | Ttotal | Status | Flags |
---|---|---|---|---|---|---|
r-devel-linux-x86_64-debian-clang | 0.1.1 | 16.76 | 125.09 | 141.85 | OK | |
r-devel-linux-x86_64-debian-gcc | 0.1.1 | 11.34 | 86.69 | 98.03 | OK | |
r-devel-linux-x86_64-fedora-clang | 0.1.1 | 232.14 | OK | |||
r-devel-linux-x86_64-fedora-gcc | 0.1.1 | 237.39 | OK | |||
r-devel-windows-x86_64 | 0.1.1 | 18.00 | 112.00 | 130.00 | OK | |
r-patched-linux-x86_64 | 0.1.1 | 15.42 | 116.75 | 132.17 | OK | |
r-release-linux-x86_64 | 0.1.1 | 16.45 | 116.08 | 132.53 | OK | |
r-release-macos-arm64 | 0.1.1 | 89.00 | OK | |||
r-release-macos-x86_64 | 0.1.1 | 126.00 | OK | |||
r-release-windows-x86_64 | 0.1.1 | 18.00 | 111.00 | 129.00 | OK | |
r-oldrel-macos-arm64 | 0.1.1 | 63.00 | OK | |||
r-oldrel-macos-x86_64 | 0.1.1 | 214.00 | NOTE | |||
r-oldrel-windows-x86_64 | 0.1.1 | 23.00 | 137.00 | 160.00 | OK |
Version: 0.1.1
Check: installed package size
Result: NOTE
installed size is 5.5Mb
sub-directories of 1Mb or more:
data 5.1Mb
Flavor: r-oldrel-macos-x86_64