Last updated on 2025-01-19 05:49:19 CET.
Flavor | Version | Tinstall | Tcheck | Ttotal | Status | Flags |
---|---|---|---|---|---|---|
r-devel-linux-x86_64-debian-clang | 3.2.1 | 21.88 | 241.04 | 262.92 | OK | |
r-devel-linux-x86_64-debian-gcc | 3.2.1 | 14.75 | 161.33 | 176.08 | OK | |
r-devel-linux-x86_64-fedora-clang | 3.2.1 | 429.24 | OK | |||
r-devel-linux-x86_64-fedora-gcc | 3.2.1 | 432.40 | OK | |||
r-devel-windows-x86_64 | 3.2.1 | 25.00 | 240.00 | 265.00 | OK | |
r-patched-linux-x86_64 | 3.2.1 | 22.79 | 222.37 | 245.16 | OK | |
r-release-linux-x86_64 | 3.2.1 | 21.09 | 221.32 | 242.41 | OK | |
r-release-macos-arm64 | 3.2.1 | 120.00 | NOTE | |||
r-release-macos-x86_64 | 3.2.1 | 164.00 | NOTE | |||
r-release-windows-x86_64 | 3.2.1 | 25.00 | 236.00 | 261.00 | NOTE | |
r-oldrel-macos-arm64 | 3.2.1 | 103.00 | NOTE | |||
r-oldrel-macos-x86_64 | 3.2.1 | 213.00 | NOTE | |||
r-oldrel-windows-x86_64 | 3.2.1 | 34.00 | 290.00 | 324.00 | NOTE |
Version: 3.2.1
Check: installed package size
Result: NOTE
installed size is 5.3Mb
sub-directories of 1Mb or more:
doc 4.2Mb
Flavors: r-release-macos-arm64, r-release-macos-x86_64, r-release-windows-x86_64, r-oldrel-macos-arm64, r-oldrel-macos-x86_64, r-oldrel-windows-x86_64