Last updated on 2025-01-19 05:49:19 CET.
Flavor | Version | Tinstall | Tcheck | Ttotal | Status | Flags |
---|---|---|---|---|---|---|
r-devel-linux-x86_64-debian-clang | 0.4-17 | 69.80 | 44.84 | 114.64 | OK | |
r-devel-linux-x86_64-debian-gcc | 0.4-17 | 52.54 | 33.10 | 85.64 | OK | |
r-devel-linux-x86_64-fedora-clang | 0.4-17 | 300.20 | OK | |||
r-devel-linux-x86_64-fedora-gcc | 0.4-17 | 232.43 | OK | |||
r-devel-windows-x86_64 | 0.4-17 | 89.00 | 103.00 | 192.00 | OK | |
r-patched-linux-x86_64 | 0.4-17 | 77.28 | 42.44 | 119.72 | OK | |
r-release-linux-x86_64 | 0.4-17 | 74.34 | 42.80 | 117.14 | OK | |
r-release-macos-arm64 | 0.4-17 | 54.00 | NOTE | |||
r-release-macos-x86_64 | 0.4-17 | 66.00 | NOTE | |||
r-release-windows-x86_64 | 0.4-17 | 100.00 | 100.00 | 200.00 | OK | |
r-oldrel-macos-arm64 | 0.4-17 | 75.00 | NOTE | |||
r-oldrel-macos-x86_64 | 0.4-17 | 95.00 | NOTE | |||
r-oldrel-windows-x86_64 | 0.4-17 | 115.00 | 112.00 | 227.00 | OK |
Version: 0.4-17
Check: installed package size
Result: NOTE
installed size is 7.2Mb
sub-directories of 1Mb or more:
libs 6.2Mb
Flavors: r-release-macos-arm64, r-release-macos-x86_64, r-oldrel-macos-arm64, r-oldrel-macos-x86_64