Last updated on 2024-04-21 12:54:11 CEST.
Flavor | Version | Tinstall | Tcheck | Ttotal | Status | Flags |
---|---|---|---|---|---|---|
r-devel-linux-x86_64-debian-clang | 0.4-17 | 99.54 | 56.76 | 156.30 | OK | |
r-devel-linux-x86_64-debian-gcc | 0.4-17 | 79.97 | 42.78 | 122.75 | OK | |
r-devel-linux-x86_64-fedora-clang | 0.4-17 | 292.39 | OK | |||
r-devel-linux-x86_64-fedora-gcc | 0.4-17 | 223.57 | OK | |||
r-prerel-macos-arm64 | 0.4-17 | 54.00 | NOTE | |||
r-prerel-windows-x86_64 | 0.4-17 | 96.00 | 101.00 | 197.00 | OK | |
r-patched-linux-x86_64 | 0.4-17 | 108.45 | 56.25 | 164.70 | OK | |
r-release-linux-x86_64 | 0.4-17 | 102.82 | 54.94 | 157.76 | OK | |
r-release-macos-arm64 | 0.4-17 | 75.00 | NOTE | |||
r-release-macos-x86_64 | 0.4-17 | 95.00 | NOTE | |||
r-release-windows-x86_64 | 0.4-17 | 100.00 | 114.00 | 214.00 | OK | |
r-oldrel-macos-arm64 | 0.4-17 | 69.00 | NOTE | |||
r-oldrel-windows-x86_64 | 0.4-17 | 103.00 | 103.00 | 206.00 | OK |
Version: 0.4-17
Check: installed package size
Result: NOTE
installed size is 7.2Mb
sub-directories of 1Mb or more:
libs 6.2Mb
Flavors: r-prerel-macos-arm64, r-release-macos-arm64, r-release-macos-x86_64, r-oldrel-macos-arm64