Last updated on 2025-01-19 05:49:19 CET.
Flavor | Version | Tinstall | Tcheck | Ttotal | Status | Flags |
---|---|---|---|---|---|---|
r-devel-linux-x86_64-debian-clang | 2.3.9 | 136.24 | 68.88 | 205.12 | OK | |
r-devel-linux-x86_64-debian-gcc | 2.3.9 | 128.19 | 50.20 | 178.39 | OK | |
r-devel-linux-x86_64-fedora-clang | 2.3.9 | 368.33 | OK | |||
r-devel-linux-x86_64-fedora-gcc | 2.3.9 | 472.36 | OK | |||
r-devel-windows-x86_64 | 2.3.9 | 228.00 | 116.00 | 344.00 | OK | |
r-patched-linux-x86_64 | 2.3.9 | 174.52 | 64.38 | 238.90 | OK | |
r-release-linux-x86_64 | 2.3.9 | 178.82 | 64.30 | 243.12 | OK | |
r-release-macos-arm64 | 2.3.9 | 103.00 | NOTE | |||
r-release-macos-x86_64 | 2.3.9 | 175.00 | NOTE | |||
r-release-windows-x86_64 | 2.3.9 | 225.00 | 116.00 | 341.00 | OK | |
r-oldrel-macos-arm64 | 2.3.9 | 103.00 | NOTE | |||
r-oldrel-macos-x86_64 | 2.3.9 | 167.00 | NOTE | |||
r-oldrel-windows-x86_64 | 2.3.9 | 232.00 | 133.00 | 365.00 | OK |
Version: 2.3.9
Check: installed package size
Result: NOTE
installed size is 12.5Mb
sub-directories of 1Mb or more:
libs 11.7Mb
Flavors: r-release-macos-arm64, r-release-macos-x86_64, r-oldrel-macos-arm64, r-oldrel-macos-x86_64