CRAN Package Check Results for Package RSelenium

Last updated on 2019-10-22 12:48:16 CEST.

Flavor Version Tinstall Tcheck Ttotal Status Flags
r-devel-linux-x86_64-debian-clang 1.7.5 4.99 50.41 55.40 NOTE
r-devel-linux-x86_64-debian-gcc 1.7.5 3.75 39.88 43.63 NOTE
r-devel-linux-x86_64-fedora-clang 1.7.5 66.72 NOTE
r-devel-linux-x86_64-fedora-gcc 1.7.5 66.69 NOTE
r-devel-windows-ix86+x86_64 1.7.5 10.00 70.00 80.00 NOTE
r-patched-linux-x86_64 1.7.5 4.58 49.08 53.66 NOTE
r-patched-solaris-x86 1.7.5 86.30 NOTE
r-release-linux-x86_64 1.7.5 4.77 49.18 53.95 NOTE
r-release-windows-ix86+x86_64 1.7.5 15.00 93.00 108.00 NOTE
r-release-osx-x86_64 1.7.5 NOTE
r-oldrel-windows-ix86+x86_64 1.7.5 11.00 85.00 96.00 NOTE
r-oldrel-osx-x86_64 1.7.5 NOTE

Check Details

Version: 1.7.5
Check: package dependencies
Result: NOTE
    Package suggested but not available for checking: 'Rcompression'
Flavors: r-devel-linux-x86_64-debian-clang, r-devel-linux-x86_64-debian-gcc, r-devel-linux-x86_64-fedora-clang, r-devel-linux-x86_64-fedora-gcc, r-devel-windows-ix86+x86_64, r-patched-linux-x86_64, r-patched-solaris-x86, r-release-linux-x86_64, r-release-windows-ix86+x86_64, r-release-osx-x86_64, r-oldrel-windows-ix86+x86_64, r-oldrel-osx-x86_64

Version: 1.7.5
Check: dependencies in R code
Result: NOTE
    Namespaces in Imports field not imported from:
     ‘binman’ ‘httr’
     All declared Imports should be used.
Flavors: r-devel-linux-x86_64-fedora-clang, r-devel-linux-x86_64-fedora-gcc, r-patched-solaris-x86, r-release-osx-x86_64, r-oldrel-osx-x86_64