CRAN Package Check Results for Package RSelenium

Last updated on 2020-06-02 12:48:55 CEST.

Flavor Version Tinstall Tcheck Ttotal Status Flags
r-devel-linux-x86_64-debian-clang 1.7.7 5.29 54.85 60.14 NOTE
r-devel-linux-x86_64-debian-gcc 1.7.7 4.18 42.70 46.88 NOTE
r-devel-linux-x86_64-fedora-clang 1.7.7 81.93 NOTE
r-devel-linux-x86_64-fedora-gcc 1.7.7 72.54 NOTE
r-devel-windows-ix86+x86_64 1.7.7 20.00 100.00 120.00 NOTE
r-patched-linux-x86_64 1.7.7 5.62 54.12 59.74 NOTE
r-patched-solaris-x86 1.7.7 94.50 NOTE
r-release-linux-x86_64 1.7.7 5.51 54.24 59.75 NOTE
r-release-osx-x86_64 1.7.7 NOTE
r-release-windows-ix86+x86_64 1.7.7 14.00 82.00 96.00 NOTE
r-oldrel-osx-x86_64 1.7.7 NOTE
r-oldrel-windows-ix86+x86_64 1.7.7 11.00 77.00 88.00 NOTE

Check Details

Version: 1.7.7
Check: package dependencies
Result: NOTE
    Package suggested but not available for checking: 'Rcompression'
Flavors: r-devel-linux-x86_64-debian-clang, r-devel-linux-x86_64-debian-gcc, r-devel-linux-x86_64-fedora-clang, r-devel-linux-x86_64-fedora-gcc, r-devel-windows-ix86+x86_64, r-patched-linux-x86_64, r-patched-solaris-x86, r-release-linux-x86_64, r-release-osx-x86_64, r-release-windows-ix86+x86_64, r-oldrel-osx-x86_64, r-oldrel-windows-ix86+x86_64

Version: 1.7.7
Check: dependencies in R code
Result: NOTE
    Namespaces in Imports field not imported from:
     ‘binman’ ‘httr’
     All declared Imports should be used.
Flavors: r-devel-linux-x86_64-fedora-clang, r-devel-linux-x86_64-fedora-gcc, r-patched-solaris-x86, r-release-osx-x86_64, r-oldrel-osx-x86_64

Version: 1.7.7
Check: installed package size
Result: NOTE
     installed size is 5.1Mb
     sub-directories of 1Mb or more:
     doc 4.6Mb
Flavor: r-patched-solaris-x86