Last updated on 2025-01-19 05:49:19 CET.
Flavor | Version | Tinstall | Tcheck | Ttotal | Status | Flags |
---|---|---|---|---|---|---|
r-devel-linux-x86_64-debian-clang | 1.4.7 | 279.58 | 240.08 | 519.66 | NOTE | |
r-devel-linux-x86_64-debian-gcc | 1.4.7 | 194.22 | 156.78 | 351.00 | NOTE | |
r-devel-linux-x86_64-fedora-clang | 1.4.7 | 1447.75 | OK | |||
r-devel-linux-x86_64-fedora-gcc | 1.4.7 | 955.78 | OK | |||
r-devel-windows-x86_64 | 1.4.7 | 395.00 | 272.00 | 667.00 | NOTE | |
r-patched-linux-x86_64 | 1.4.7 | 274.74 | 222.99 | 497.73 | OK | |
r-release-linux-x86_64 | 1.4.7 | 272.27 | 222.44 | 494.71 | OK | |
r-release-macos-arm64 | 1.4.7 | 194.00 | NOTE | |||
r-release-macos-x86_64 | 1.4.7 | 246.00 | NOTE | |||
r-release-windows-x86_64 | 1.4.7 | 387.00 | 264.00 | 651.00 | OK | |
r-oldrel-macos-arm64 | 1.4.7 | 215.00 | NOTE | |||
r-oldrel-macos-x86_64 | 1.4.7 | 331.00 | NOTE | |||
r-oldrel-windows-x86_64 | 1.4.7 | 448.00 | 286.00 | 734.00 | OK |
Version: 1.4.7
Check: Rd cross-references
Result: NOTE
Found the following Rd file(s) with Rd \link{} targets missing package
anchors:
iwlsm.Rd: lqs
plot.sienaTimeTest.Rd: xyplot
sienaDependent.Rd: Matrix
Please provide package anchors for all Rd \link{} targets not in the
package itself and the base packages.
Flavors: r-devel-linux-x86_64-debian-clang, r-devel-linux-x86_64-debian-gcc, r-devel-windows-x86_64
Version: 1.4.7
Check: installed package size
Result: NOTE
installed size is 26.4Mb
sub-directories of 1Mb or more:
R 1.1Mb
libs 24.9Mb
Flavors: r-release-macos-arm64, r-release-macos-x86_64, r-oldrel-macos-arm64, r-oldrel-macos-x86_64