CRAN Package Check Results for Package RSiena

Last updated on 2020-05-28 12:48:49 CEST.

Flavor Version Tinstall Tcheck Ttotal Status Flags
r-devel-linux-x86_64-debian-clang 1.2-23 281.20 256.92 538.12 OK
r-devel-linux-x86_64-debian-gcc 1.2-23 214.49 191.77 406.26 OK
r-devel-linux-x86_64-fedora-clang 1.2-23 831.91 NOTE
r-devel-linux-x86_64-fedora-gcc 1.2-23 652.68 OK
r-devel-windows-ix86+x86_64 1.2-23 743.00 407.00 1150.00 NOTE
r-patched-linux-x86_64 1.2-23 232.14 259.53 491.67 OK
r-patched-solaris-x86 1.2-23 1148.80 NOTE
r-release-linux-x86_64 1.2-23 228.83 258.86 487.69 OK
r-release-osx-x86_64 1.2-23 NOTE
r-release-windows-ix86+x86_64 1.2-23 636.00 388.00 1024.00 NOTE
r-oldrel-osx-x86_64 1.2-23 WARN
r-oldrel-windows-ix86+x86_64 1.2-23 722.00 328.00 1050.00 NOTE

Additional issues

rchk valgrind

Check Details

Version: 1.2-23
Check: installed package size
Result: NOTE
     installed size is 16.8Mb
     sub-directories of 1Mb or more:
     libs 15.0Mb
Flavors: r-devel-linux-x86_64-fedora-clang, r-devel-windows-ix86+x86_64, r-patched-solaris-x86, r-release-osx-x86_64, r-release-windows-ix86+x86_64, r-oldrel-osx-x86_64, r-oldrel-windows-ix86+x86_64

Version: 1.2-23
Check: dependencies in R code
Result: NOTE
    No protocol specified
    No protocol specified
Flavor: r-oldrel-osx-x86_64

Version: 1.2-23
Check: S3 generic/method consistency
Result: WARN
    No protocol specified
    No protocol specified
    See section ‘Generic functions and methods’ in the ‘Writing R
    Extensions’ manual.
Flavor: r-oldrel-osx-x86_64

Version: 1.2-23
Check: replacement functions
Result: WARN
    No protocol specified
    No protocol specified
    The argument of a replacement function which corresponds to the right
    hand side must be named ‘value’.
Flavor: r-oldrel-osx-x86_64

Version: 1.2-23
Check: foreign function calls
Result: NOTE
    No protocol specified
    No protocol specified
    See chapter ‘System and foreign language interfaces’ in the ‘Writing R
    Extensions’ manual.
Flavor: r-oldrel-osx-x86_64

Version: 1.2-23
Check: R code for possible problems
Result: NOTE
    No protocol specified
    No protocol specified
Flavor: r-oldrel-osx-x86_64

Version: 1.2-23
Check: for missing documentation entries
Result: WARN
    No protocol specified
    No protocol specified
    All user-level objects in a package should have documentation entries.
    See chapter ‘Writing R documentation files’ in the ‘Writing R
    Extensions’ manual.
Flavor: r-oldrel-osx-x86_64

Version: 1.2-23
Check: for code/documentation mismatches
Result: WARN
    No protocol specified
    No protocol specified
    No protocol specified
    No protocol specified
    No protocol specified
    No protocol specified
Flavor: r-oldrel-osx-x86_64

Version: 1.2-23
Check: Rd \usage sections
Result: NOTE
    No protocol specified
    No protocol specified
    The \usage entries for S3 methods should use the \method markup and not
    their full name.
    See chapter ‘Writing R documentation files’ in the ‘Writing R
    Extensions’ manual.
Flavor: r-oldrel-osx-x86_64